

{"id":42892,"date":"2019-01-03T14:54:39","date_gmt":"2019-01-03T13:54:39","guid":{"rendered":"https:\/\/www.amanprana.eu\/red_de_zee\/petition-rettet-unsere-meere\/"},"modified":"2019-01-03T14:54:39","modified_gmt":"2019-01-03T13:54:39","slug":"petition-rettet-unsere-meere","status":"publish","type":"red_de_zee","link":"https:\/\/www.amanprana.eu\/de\/rettet-das-meer\/petition-rettet-unsere-meere\/","title":{"rendered":"Rettet unsere Meere"},"content":{"rendered":"<p>Am Freitag, den 5. M\u00e4rz, beendet die Regierung des Vereinigten K\u00f6nigreichs eine \u00f6ffentliche Anh\u00f6rung, ob das weltgr\u00f6\u00dfte Meeresschutzgebiet um die Chagos-Inseln eingerichtet werden soll oder nicht. Fischereifirmen haben ihren Widerstand zum Ausdruck gebracht und sind bestrebt, die Riffe f\u00fcr ihre Gesch\u00e4fte offen zu halten.<\/p>\n<p>Wir k\u00f6nnen dies nicht zulassen \u2013 Korallenriffe sterben und die Fische verschwinden immer schneller aus den Weltmeeren. Die Entscheidung in dieser Woche k\u00f6nnte ein Katalysator f\u00fcr die Rettung unserer Meere sein. Senden wir der britischen Regierung eine Flutwelle weltweiter \u00f6ffentlicher Unterst\u00fctzung und erinnern sie an die Pflicht, die Meere f\u00fcr k\u00fcnftige Generationen zu sch\u00fctzen. Bitte unterzeichnen Sie die nachfolgende Petition. Sie wird am 5.<\/p>\n<p>M\u00e4rz an den britischen Au\u00dfenminister David Miliband \u00fcbergeben: An David Miliband, Au\u00dfenminister des Vereinigten K\u00f6nigreichs: Wir fordern Sie auf, das weltgr\u00f6\u00dfte Meeresschutzgebiet um den Chagos-Archipel einzurichten. Verbieten Sie den kommerziellen Fischfang in dieser Region und arbeiten Sie mit den Einwohnern von Chagos zusammen, um diese wichtigen Riffe und die Zukunft unserer Meere zu sch\u00fctzen.<\/p>\n<p>-> Es wurden 250 000 Antragen gestellt, herzlichen Dank daf\u00fcr!<\/p>\n","protected":false},"featured_media":0,"menu_order":99,"template":"","format":"standard","class_list":["post-42892","red_de_zee","type-red_de_zee","status-publish","format-standard","hentry","red_de_zee_categorieen-verschmutzung-der-ozeane","no-post-thumbnail"],"acf":[],"yoast_head":"<!-- This site is optimized with the Yoast SEO plugin v24.7 - https:\/\/yoast.com\/wordpress\/plugins\/seo\/ -->\n<title>Rettet unsere Meere - Amanprana<\/title>\n<meta name=\"description\" content=\"Am Freitag, den 5. M\u00e4rz, beendet die Regierung des Vereinigten K\u00f6nigreichs eine \u00f6ffentliche Anh\u00f6rung, ob das weltgr\u00f6\u00dfte Meeresschutzgebiet um die\" \/>\n<meta name=\"robots\" content=\"index, follow, max-snippet:-1, max-image-preview:large, max-video-preview:-1\" \/>\n<link rel=\"canonical\" href=\"https:\/\/www.amanprana.eu\/de\/rettet-das-meer\/petition-rettet-unsere-meere\/\" \/>\n<meta property=\"og:locale\" content=\"de_DE\" \/>\n<meta property=\"og:type\" content=\"article\" \/>\n<meta property=\"og:title\" content=\"Rettet unsere Meere - Amanprana\" \/>\n<meta property=\"og:description\" content=\"Am Freitag, den 5. M\u00e4rz, beendet die Regierung des Vereinigten K\u00f6nigreichs eine \u00f6ffentliche Anh\u00f6rung, ob das weltgr\u00f6\u00dfte Meeresschutzgebiet um die\" \/>\n<meta property=\"og:url\" content=\"https:\/\/www.amanprana.eu\/de\/rettet-das-meer\/petition-rettet-unsere-meere\/\" \/>\n<meta property=\"og:site_name\" content=\"Amanprana\" \/>\n<meta property=\"article:publisher\" content=\"https:\/\/www.facebook.com\/Amanpranaproducts\/\" \/>\n<meta property=\"og:image\" content=\"https:\/\/www.amanprana.eu\/wp-content\/uploads\/hires-amanprana-logo.jpg\" \/>\n\t<meta property=\"og:image:width\" content=\"2362\" \/>\n\t<meta property=\"og:image:height\" content=\"2362\" \/>\n\t<meta property=\"og:image:type\" content=\"image\/jpeg\" \/>\n<meta name=\"twitter:card\" content=\"summary_large_image\" \/>\n<meta name=\"twitter:label1\" content=\"Gesch\u00e4tzte Lesezeit\" \/>\n\t<meta name=\"twitter:data1\" content=\"1\u00a0Minute\" \/>\n<script type=\"application\/ld+json\" class=\"yoast-schema-graph\">{\"@context\":\"https:\/\/schema.org\",\"@graph\":[{\"@type\":\"WebPage\",\"@id\":\"https:\/\/www.amanprana.eu\/de\/rettet-das-meer\/petition-rettet-unsere-meere\/\",\"url\":\"https:\/\/www.amanprana.eu\/de\/rettet-das-meer\/petition-rettet-unsere-meere\/\",\"name\":\"Rettet unsere Meere - Amanprana\",\"isPartOf\":{\"@id\":\"https:\/\/www.amanprana.eu\/de\/#website\"},\"datePublished\":\"2019-01-03T13:54:39+00:00\",\"description\":\"Am Freitag, den 5. M\u00e4rz, beendet die Regierung des Vereinigten K\u00f6nigreichs eine \u00f6ffentliche Anh\u00f6rung, ob das weltgr\u00f6\u00dfte Meeresschutzgebiet um die\",\"breadcrumb\":{\"@id\":\"https:\/\/www.amanprana.eu\/de\/rettet-das-meer\/petition-rettet-unsere-meere\/#breadcrumb\"},\"inLanguage\":\"de\",\"potentialAction\":[{\"@type\":\"ReadAction\",\"target\":[\"https:\/\/www.amanprana.eu\/de\/rettet-das-meer\/petition-rettet-unsere-meere\/\"]}]},{\"@type\":\"BreadcrumbList\",\"@id\":\"https:\/\/www.amanprana.eu\/de\/rettet-das-meer\/petition-rettet-unsere-meere\/#breadcrumb\",\"itemListElement\":[{\"@type\":\"ListItem\",\"position\":1,\"name\":\"Amanprana.eu\",\"item\":\"https:\/\/www.amanprana.eu\/de\/\"},{\"@type\":\"ListItem\",\"position\":2,\"name\":\"RDM - berichten\",\"item\":\"https:\/\/www.amanprana.eu\/de\/rettet-das-meer\/\"},{\"@type\":\"ListItem\",\"position\":3,\"name\":\"Verschmutzung der Ozeane\",\"item\":\"https:\/\/www.amanprana.eu\/de\/red_de_zee_categorieen\/verschmutzung-der-ozeane\/\"},{\"@type\":\"ListItem\",\"position\":4,\"name\":\"Rettet unsere Meere\"}]},{\"@type\":\"WebSite\",\"@id\":\"https:\/\/www.amanprana.eu\/de\/#website\",\"url\":\"https:\/\/www.amanprana.eu\/de\/\",\"name\":\"Amanprana\",\"description\":\"Serene levenskracht\",\"publisher\":{\"@id\":\"https:\/\/www.amanprana.eu\/de\/#organization\"},\"potentialAction\":[{\"@type\":\"SearchAction\",\"target\":{\"@type\":\"EntryPoint\",\"urlTemplate\":\"https:\/\/www.amanprana.eu\/de\/?s={search_term_string}\"},\"query-input\":{\"@type\":\"PropertyValueSpecification\",\"valueRequired\":true,\"valueName\":\"search_term_string\"}}],\"inLanguage\":\"de\"},{\"@type\":\"Organization\",\"@id\":\"https:\/\/www.amanprana.eu\/de\/#organization\",\"name\":\"Amanprana\",\"url\":\"https:\/\/www.amanprana.eu\/de\/\",\"logo\":{\"@type\":\"ImageObject\",\"inLanguage\":\"de\",\"@id\":\"https:\/\/www.amanprana.eu\/de\/#\/schema\/logo\/image\/\",\"url\":\"https:\/\/www.amanprana.eu\/wp-content\/uploads\/webres-amanprana-logo.jpg\",\"contentUrl\":\"https:\/\/www.amanprana.eu\/wp-content\/uploads\/webres-amanprana-logo.jpg\",\"width\":300,\"height\":300,\"caption\":\"Amanprana\"},\"image\":{\"@id\":\"https:\/\/www.amanprana.eu\/de\/#\/schema\/logo\/image\/\"},\"sameAs\":[\"https:\/\/www.facebook.com\/Amanpranaproducts\/\",\"https:\/\/www.instagram.com\/amanprana\/\",\"https:\/\/nl.pinterest.com\/amanprana\/pins\/\"]}]}<\/script>\n<!-- \/ Yoast SEO plugin. -->","yoast_head_json":{"title":"Rettet unsere Meere - Amanprana","description":"Am Freitag, den 5. M\u00e4rz, beendet die Regierung des Vereinigten K\u00f6nigreichs eine \u00f6ffentliche Anh\u00f6rung, ob das weltgr\u00f6\u00dfte Meeresschutzgebiet um die","robots":{"index":"index","follow":"follow","max-snippet":"max-snippet:-1","max-image-preview":"max-image-preview:large","max-video-preview":"max-video-preview:-1"},"canonical":"https:\/\/www.amanprana.eu\/de\/rettet-das-meer\/petition-rettet-unsere-meere\/","og_locale":"de_DE","og_type":"article","og_title":"Rettet unsere Meere - Amanprana","og_description":"Am Freitag, den 5. M\u00e4rz, beendet die Regierung des Vereinigten K\u00f6nigreichs eine \u00f6ffentliche Anh\u00f6rung, ob das weltgr\u00f6\u00dfte Meeresschutzgebiet um die","og_url":"https:\/\/www.amanprana.eu\/de\/rettet-das-meer\/petition-rettet-unsere-meere\/","og_site_name":"Amanprana","article_publisher":"https:\/\/www.facebook.com\/Amanpranaproducts\/","og_image":[{"width":2362,"height":2362,"url":"https:\/\/www.amanprana.eu\/wp-content\/uploads\/hires-amanprana-logo.jpg","type":"image\/jpeg"}],"twitter_card":"summary_large_image","twitter_misc":{"Gesch\u00e4tzte Lesezeit":"1\u00a0Minute"},"schema":{"@context":"https:\/\/schema.org","@graph":[{"@type":"WebPage","@id":"https:\/\/www.amanprana.eu\/de\/rettet-das-meer\/petition-rettet-unsere-meere\/","url":"https:\/\/www.amanprana.eu\/de\/rettet-das-meer\/petition-rettet-unsere-meere\/","name":"Rettet unsere Meere - Amanprana","isPartOf":{"@id":"https:\/\/www.amanprana.eu\/de\/#website"},"datePublished":"2019-01-03T13:54:39+00:00","description":"Am Freitag, den 5. M\u00e4rz, beendet die Regierung des Vereinigten K\u00f6nigreichs eine \u00f6ffentliche Anh\u00f6rung, ob das weltgr\u00f6\u00dfte Meeresschutzgebiet um die","breadcrumb":{"@id":"https:\/\/www.amanprana.eu\/de\/rettet-das-meer\/petition-rettet-unsere-meere\/#breadcrumb"},"inLanguage":"de","potentialAction":[{"@type":"ReadAction","target":["https:\/\/www.amanprana.eu\/de\/rettet-das-meer\/petition-rettet-unsere-meere\/"]}]},{"@type":"BreadcrumbList","@id":"https:\/\/www.amanprana.eu\/de\/rettet-das-meer\/petition-rettet-unsere-meere\/#breadcrumb","itemListElement":[{"@type":"ListItem","position":1,"name":"Amanprana.eu","item":"https:\/\/www.amanprana.eu\/de\/"},{"@type":"ListItem","position":2,"name":"RDM - berichten","item":"https:\/\/www.amanprana.eu\/de\/rettet-das-meer\/"},{"@type":"ListItem","position":3,"name":"Verschmutzung der Ozeane","item":"https:\/\/www.amanprana.eu\/de\/red_de_zee_categorieen\/verschmutzung-der-ozeane\/"},{"@type":"ListItem","position":4,"name":"Rettet unsere Meere"}]},{"@type":"WebSite","@id":"https:\/\/www.amanprana.eu\/de\/#website","url":"https:\/\/www.amanprana.eu\/de\/","name":"Amanprana","description":"Serene levenskracht","publisher":{"@id":"https:\/\/www.amanprana.eu\/de\/#organization"},"potentialAction":[{"@type":"SearchAction","target":{"@type":"EntryPoint","urlTemplate":"https:\/\/www.amanprana.eu\/de\/?s={search_term_string}"},"query-input":{"@type":"PropertyValueSpecification","valueRequired":true,"valueName":"search_term_string"}}],"inLanguage":"de"},{"@type":"Organization","@id":"https:\/\/www.amanprana.eu\/de\/#organization","name":"Amanprana","url":"https:\/\/www.amanprana.eu\/de\/","logo":{"@type":"ImageObject","inLanguage":"de","@id":"https:\/\/www.amanprana.eu\/de\/#\/schema\/logo\/image\/","url":"https:\/\/www.amanprana.eu\/wp-content\/uploads\/webres-amanprana-logo.jpg","contentUrl":"https:\/\/www.amanprana.eu\/wp-content\/uploads\/webres-amanprana-logo.jpg","width":300,"height":300,"caption":"Amanprana"},"image":{"@id":"https:\/\/www.amanprana.eu\/de\/#\/schema\/logo\/image\/"},"sameAs":["https:\/\/www.facebook.com\/Amanpranaproducts\/","https:\/\/www.instagram.com\/amanprana\/","https:\/\/nl.pinterest.com\/amanprana\/pins\/"]}]}},"multi-rating":{"mr_rating_results":[]},"_links":{"self":[{"href":"https:\/\/www.amanprana.eu\/de\/wp-json\/wp\/v2\/red_de_zee\/42892","targetHints":{"allow":["GET"]}}],"collection":[{"href":"https:\/\/www.amanprana.eu\/de\/wp-json\/wp\/v2\/red_de_zee"}],"about":[{"href":"https:\/\/www.amanprana.eu\/de\/wp-json\/wp\/v2\/types\/red_de_zee"}],"version-history":[{"count":0,"href":"https:\/\/www.amanprana.eu\/de\/wp-json\/wp\/v2\/red_de_zee\/42892\/revisions"}],"wp:attachment":[{"href":"https:\/\/www.amanprana.eu\/de\/wp-json\/wp\/v2\/media?parent=42892"}],"curies":[{"name":"wp","href":"https:\/\/api.w.org\/{rel}","templated":true}]}}

<p>Am Freitag, den 5. März, beendet die Regierung des Vereinigten Königreichs eine öffentliche Anhörung, ob das weltgrößte Meeresschutzgebiet um die Chagos-Inseln eingerichtet werden soll oder nicht. Fischereifirmen haben ihren Widerstand zum Ausdruck gebracht und sind bestrebt, die Riffe für ihre Geschäfte offen zu halten.</p>
<p>Wir können dies nicht zulassen – Korallenriffe sterben und die Fische verschwinden immer schneller aus den Weltmeeren. Die Entscheidung in dieser Woche könnte ein Katalysator für die Rettung unserer Meere sein. Senden wir der britischen Regierung eine Flutwelle weltweiter öffentlicher Unterstützung und erinnern sie an die Pflicht, die Meere für künftige Generationen zu schützen. Bitte unterzeichnen Sie die nachfolgende Petition. Sie wird am 5.</p>
<p>März an den britischen Außenminister David Miliband übergeben: An David Miliband, Außenminister des Vereinigten Königreichs: Wir fordern Sie auf, das weltgrößte Meeresschutzgebiet um den Chagos-Archipel einzurichten. Verbieten Sie den kommerziellen Fischfang in dieser Region und arbeiten Sie mit den Einwohnern von Chagos zusammen, um diese wichtigen Riffe und die Zukunft unserer Meere zu schützen.</p>
<p>-> Es wurden 250 000 Antragen gestellt, herzlichen Dank dafür!</p>

<!-- This site is optimized with the Yoast SEO plugin v24.7 - https://yoast.com/wordpress/plugins/seo/ -->
<title>Rettet unsere Meere - Amanprana</title>
<meta name="description" content="Am Freitag, den 5. März, beendet die Regierung des Vereinigten Königreichs eine öffentliche Anhörung, ob das weltgrößte Meeresschutzgebiet um die" />
<meta name="robots" content="index, follow, max-snippet:-1, max-image-preview:large, max-video-preview:-1" />
<link rel="canonical" href="https://www.amanprana.eu/de/rettet-das-meer/petition-rettet-unsere-meere/" />
<meta property="og:locale" content="de_DE" />
<meta property="og:type" content="article" />
<meta property="og:title" content="Rettet unsere Meere - Amanprana" />
<meta property="og:description" content="Am Freitag, den 5. März, beendet die Regierung des Vereinigten Königreichs eine öffentliche Anhörung, ob das weltgrößte Meeresschutzgebiet um die" />
<meta property="og:url" content="https://www.amanprana.eu/de/rettet-das-meer/petition-rettet-unsere-meere/" />
<meta property="og:site_name" content="Amanprana" />
<meta property="article:publisher" content="https://www.facebook.com/Amanpranaproducts/" />
<meta property="og:image" content="https://www.amanprana.eu/wp-content/uploads/hires-amanprana-logo.jpg" />
	<meta property="og:image:width" content="2362" />
	<meta property="og:image:height" content="2362" />
	<meta property="og:image:type" content="image/jpeg" />
<meta name="twitter:card" content="summary_large_image" />
<meta name="twitter:label1" content="Geschätzte Lesezeit" />
	<meta name="twitter:data1" content="1 Minute" />
<script type="application/ld+json" class="yoast-schema-graph">{"@context":"https://schema.org","@graph":[{"@type":"WebPage","@id":"https://www.amanprana.eu/de/rettet-das-meer/petition-rettet-unsere-meere/","url":"https://www.amanprana.eu/de/rettet-das-meer/petition-rettet-unsere-meere/","name":"Rettet unsere Meere - Amanprana","isPartOf":{"@id":"https://www.amanprana.eu/de/#website"},"datePublished":"2019-01-03T13:54:39+00:00","description":"Am Freitag, den 5. März, beendet die Regierung des Vereinigten Königreichs eine öffentliche Anhörung, ob das weltgrößte Meeresschutzgebiet um die","breadcrumb":{"@id":"https://www.amanprana.eu/de/rettet-das-meer/petition-rettet-unsere-meere/#breadcrumb"},"inLanguage":"de","potentialAction":[{"@type":"ReadAction","target":["https://www.amanprana.eu/de/rettet-das-meer/petition-rettet-unsere-meere/"]}]},{"@type":"BreadcrumbList","@id":"https://www.amanprana.eu/de/rettet-das-meer/petition-rettet-unsere-meere/#breadcrumb","itemListElement":[{"@type":"ListItem","position":1,"name":"Amanprana.eu","item":"https://www.amanprana.eu/de/"},{"@type":"ListItem","position":2,"name":"RDM - berichten","item":"https://www.amanprana.eu/de/rettet-das-meer/"},{"@type":"ListItem","position":3,"name":"Verschmutzung der Ozeane","item":"https://www.amanprana.eu/de/red_de_zee_categorieen/verschmutzung-der-ozeane/"},{"@type":"ListItem","position":4,"name":"Rettet unsere Meere"}]},{"@type":"WebSite","@id":"https://www.amanprana.eu/de/#website","url":"https://www.amanprana.eu/de/","name":"Amanprana","description":"Serene levenskracht","publisher":{"@id":"https://www.amanprana.eu/de/#organization"},"potentialAction":[{"@type":"SearchAction","target":{"@type":"EntryPoint","urlTemplate":"https://www.amanprana.eu/de/?s={search_term_string}"},"query-input":{"@type":"PropertyValueSpecification","valueRequired":true,"valueName":"search_term_string"}}],"inLanguage":"de"},{"@type":"Organization","@id":"https://www.amanprana.eu/de/#organization","name":"Amanprana","url":"https://www.amanprana.eu/de/","logo":{"@type":"ImageObject","inLanguage":"de","@id":"https://www.amanprana.eu/de/#/schema/logo/image/","url":"https://www.amanprana.eu/wp-content/uploads/webres-amanprana-logo.jpg","contentUrl":"https://www.amanprana.eu/wp-content/uploads/webres-amanprana-logo.jpg","width":300,"height":300,"caption":"Amanprana"},"image":{"@id":"https://www.amanprana.eu/de/#/schema/logo/image/"},"sameAs":["https://www.facebook.com/Amanpranaproducts/","https://www.instagram.com/amanprana/","https://nl.pinterest.com/amanprana/pins/"]}]}</script>
<!-- / Yoast SEO plugin. -->

Am Freitag, den 5. März, beendet die Regierung des Vereinigten Königreichs eine öffentliche Anhörung, ob das weltgrößte Meeresschutzgebiet um die
