

{"id":44504,"date":"2019-01-30T09:02:27","date_gmt":"2019-01-30T08:02:27","guid":{"rendered":"https:\/\/www.amanprana.eu\/red_de_zee\/frankreich-verbietet-plastikteller-und-plastikbecher\/"},"modified":"2019-01-30T09:02:27","modified_gmt":"2019-01-30T08:02:27","slug":"frankreich-verbietet-plastikteller-und-plastikbecher","status":"publish","type":"red_de_zee","link":"https:\/\/www.amanprana.eu\/de\/rettet-das-meer\/frankreich-verbietet-plastikteller-und-plastikbecher\/","title":{"rendered":"Gute Nachrichten: Plastikteller und Plastikbecher werden in Frankreich verboten"},"content":{"rendered":"<p>Die Franzosen haben sich vorgenommen, bis 2020 alle Plastikteller und Plastikbecher zu verbieten. Damit soll erreicht werden, dass bis 2020 nirgendwo in Frankreich mehr Wattest\u00e4bchen, Besteck, Becher und Teller aus Plastik verwendet werden. Microbeads, kleine Plastikpartikel, die unter anderem in Kosmetik verwendet werden, sollen bereits bis 2018 verschwinden. Letzten Juli wurden alle Plastikt\u00fcten verbannt. Ein guter Schritt und ein wichtiges Signal der franz\u00f6sischen Regierung. Plastik ist eine gro\u00dfe Bedrohung f\u00fcr unseren Planeten.<\/p>\n<p>Es gibt allerdings eine Ausnahme f\u00fcr das Verbot, es ist n\u00e4mlich erlaubt, wiederverwertbare Plastikprodukte aus biologisch abbaubaren Materialien herzustellen, die auf dem heimischen Komposthaufen entsorgt werden k\u00f6nnen. Der Verband Beter Leefmilieu ist gegen die Ausnahme: \u201eOb ein Plastikteller kompostierbar ist oder nicht, spielt keine Rolle, wenn er im Meer landet. Er ist genauso sch\u00e4dlich.&#8220; Auch die Verpackungsindustrie ist kein Fan der Ma\u00dfnahme. Diese w\u00fcrde den EU-Gesetzen \u00fcber den freien Warenverkehr im Wege stehen. Jetzt wird f\u00fcr jedes Plastikprodukt einzeln bestimmt, ob dieses verboten wird oder nicht und ob dies bis 2018 oder 2020 geschehen wird.<\/p>\n<p>Frankreich erweist sich durch seine Ma\u00dfnahmen gegen Plastik als Mustersch\u00fcler in Europa. Das Land hatte bereits in der Vergangenheit viele Ma\u00dfnahmen zur Vermeidung von Abfall eingef\u00fchrt. So wurden Superm\u00e4rkte verpflichtet, unverkaufte \u00dcbersch\u00fcsse zu verschenken statt diese wegzuwerfen.<\/p>\n","protected":false},"featured_media":32992,"menu_order":135,"template":"","format":"standard","class_list":["post-44504","red_de_zee","type-red_de_zee","status-publish","format-standard","has-post-thumbnail","hentry","red_de_zee_categorieen-verschmutzung-der-ozeane"],"acf":[],"yoast_head":"<!-- This site is optimized with the Yoast SEO plugin v24.7 - https:\/\/yoast.com\/wordpress\/plugins\/seo\/ -->\n<title>Frankreich verbietet Plastikbecher und Plastikplatten ab 2020<\/title>\n<meta name=\"description\" content=\"Frankreich m\u00f6chte unseren M\u00fcllberg reduzieren und setzt auf ein Verbot von Plastikbechern und -platten. Gut f\u00fcr die Umwelt, gut f\u00fcr unseren Planeten\" \/>\n<meta name=\"robots\" content=\"index, follow, max-snippet:-1, max-image-preview:large, max-video-preview:-1\" \/>\n<link rel=\"canonical\" href=\"https:\/\/www.amanprana.eu\/de\/rettet-das-meer\/frankreich-verbietet-plastikteller-und-plastikbecher\/\" \/>\n<meta property=\"og:locale\" content=\"de_DE\" \/>\n<meta property=\"og:type\" content=\"article\" \/>\n<meta property=\"og:title\" content=\"Frankreich verbietet Plastikbecher und Plastikplatten ab 2020\" \/>\n<meta property=\"og:description\" content=\"Frankreich m\u00f6chte unseren M\u00fcllberg reduzieren und setzt auf ein Verbot von Plastikbechern und -platten. Gut f\u00fcr die Umwelt, gut f\u00fcr unseren Planeten\" \/>\n<meta property=\"og:url\" content=\"https:\/\/www.amanprana.eu\/de\/rettet-das-meer\/frankreich-verbietet-plastikteller-und-plastikbecher\/\" \/>\n<meta property=\"og:site_name\" content=\"Amanprana\" \/>\n<meta property=\"article:publisher\" content=\"https:\/\/www.facebook.com\/Amanpranaproducts\/\" \/>\n<meta property=\"og:image\" content=\"https:\/\/www.amanprana.eu\/wp-content\/uploads\/Plastic-afval-borden-bekers.jpg\" \/>\n\t<meta property=\"og:image:width\" content=\"1024\" \/>\n\t<meta property=\"og:image:height\" content=\"577\" \/>\n\t<meta property=\"og:image:type\" content=\"image\/jpeg\" \/>\n<meta name=\"twitter:card\" content=\"summary_large_image\" \/>\n<meta name=\"twitter:label1\" content=\"Gesch\u00e4tzte Lesezeit\" \/>\n\t<meta name=\"twitter:data1\" content=\"1\u00a0Minute\" \/>\n<script type=\"application\/ld+json\" class=\"yoast-schema-graph\">{\"@context\":\"https:\/\/schema.org\",\"@graph\":[{\"@type\":\"WebPage\",\"@id\":\"https:\/\/www.amanprana.eu\/de\/rettet-das-meer\/frankreich-verbietet-plastikteller-und-plastikbecher\/\",\"url\":\"https:\/\/www.amanprana.eu\/de\/rettet-das-meer\/frankreich-verbietet-plastikteller-und-plastikbecher\/\",\"name\":\"Frankreich verbietet Plastikbecher und Plastikplatten ab 2020\",\"isPartOf\":{\"@id\":\"https:\/\/www.amanprana.eu\/de\/#website\"},\"primaryImageOfPage\":{\"@id\":\"https:\/\/www.amanprana.eu\/de\/rettet-das-meer\/frankreich-verbietet-plastikteller-und-plastikbecher\/#primaryimage\"},\"image\":{\"@id\":\"https:\/\/www.amanprana.eu\/de\/rettet-das-meer\/frankreich-verbietet-plastikteller-und-plastikbecher\/#primaryimage\"},\"thumbnailUrl\":\"https:\/\/www.amanprana.eu\/wp-content\/uploads\/Plastic-afval-borden-bekers.jpg\",\"datePublished\":\"2019-01-30T08:02:27+00:00\",\"description\":\"Frankreich m\u00f6chte unseren M\u00fcllberg reduzieren und setzt auf ein Verbot von Plastikbechern und -platten. Gut f\u00fcr die Umwelt, gut f\u00fcr unseren Planeten\",\"breadcrumb\":{\"@id\":\"https:\/\/www.amanprana.eu\/de\/rettet-das-meer\/frankreich-verbietet-plastikteller-und-plastikbecher\/#breadcrumb\"},\"inLanguage\":\"de\",\"potentialAction\":[{\"@type\":\"ReadAction\",\"target\":[\"https:\/\/www.amanprana.eu\/de\/rettet-das-meer\/frankreich-verbietet-plastikteller-und-plastikbecher\/\"]}]},{\"@type\":\"ImageObject\",\"inLanguage\":\"de\",\"@id\":\"https:\/\/www.amanprana.eu\/de\/rettet-das-meer\/frankreich-verbietet-plastikteller-und-plastikbecher\/#primaryimage\",\"url\":\"https:\/\/www.amanprana.eu\/wp-content\/uploads\/Plastic-afval-borden-bekers.jpg\",\"contentUrl\":\"https:\/\/www.amanprana.eu\/wp-content\/uploads\/Plastic-afval-borden-bekers.jpg\",\"width\":1024,\"height\":577},{\"@type\":\"BreadcrumbList\",\"@id\":\"https:\/\/www.amanprana.eu\/de\/rettet-das-meer\/frankreich-verbietet-plastikteller-und-plastikbecher\/#breadcrumb\",\"itemListElement\":[{\"@type\":\"ListItem\",\"position\":1,\"name\":\"Amanprana.eu\",\"item\":\"https:\/\/www.amanprana.eu\/de\/\"},{\"@type\":\"ListItem\",\"position\":2,\"name\":\"RDM - berichten\",\"item\":\"https:\/\/www.amanprana.eu\/de\/rettet-das-meer\/\"},{\"@type\":\"ListItem\",\"position\":3,\"name\":\"Verschmutzung der Ozeane\",\"item\":\"https:\/\/www.amanprana.eu\/de\/red_de_zee_categorieen\/verschmutzung-der-ozeane\/\"},{\"@type\":\"ListItem\",\"position\":4,\"name\":\"Gute Nachrichten: Plastikteller und Plastikbecher werden in Frankreich verboten\"}]},{\"@type\":\"WebSite\",\"@id\":\"https:\/\/www.amanprana.eu\/de\/#website\",\"url\":\"https:\/\/www.amanprana.eu\/de\/\",\"name\":\"Amanprana\",\"description\":\"Serene levenskracht\",\"publisher\":{\"@id\":\"https:\/\/www.amanprana.eu\/de\/#organization\"},\"potentialAction\":[{\"@type\":\"SearchAction\",\"target\":{\"@type\":\"EntryPoint\",\"urlTemplate\":\"https:\/\/www.amanprana.eu\/de\/?s={search_term_string}\"},\"query-input\":{\"@type\":\"PropertyValueSpecification\",\"valueRequired\":true,\"valueName\":\"search_term_string\"}}],\"inLanguage\":\"de\"},{\"@type\":\"Organization\",\"@id\":\"https:\/\/www.amanprana.eu\/de\/#organization\",\"name\":\"Amanprana\",\"url\":\"https:\/\/www.amanprana.eu\/de\/\",\"logo\":{\"@type\":\"ImageObject\",\"inLanguage\":\"de\",\"@id\":\"https:\/\/www.amanprana.eu\/de\/#\/schema\/logo\/image\/\",\"url\":\"https:\/\/www.amanprana.eu\/wp-content\/uploads\/webres-amanprana-logo.jpg\",\"contentUrl\":\"https:\/\/www.amanprana.eu\/wp-content\/uploads\/webres-amanprana-logo.jpg\",\"width\":300,\"height\":300,\"caption\":\"Amanprana\"},\"image\":{\"@id\":\"https:\/\/www.amanprana.eu\/de\/#\/schema\/logo\/image\/\"},\"sameAs\":[\"https:\/\/www.facebook.com\/Amanpranaproducts\/\",\"https:\/\/www.instagram.com\/amanprana\/\",\"https:\/\/nl.pinterest.com\/amanprana\/pins\/\"]}]}<\/script>\n<!-- \/ Yoast SEO plugin. -->","yoast_head_json":{"title":"Frankreich verbietet Plastikbecher und Plastikplatten ab 2020","description":"Frankreich m\u00f6chte unseren M\u00fcllberg reduzieren und setzt auf ein Verbot von Plastikbechern und -platten. Gut f\u00fcr die Umwelt, gut f\u00fcr unseren Planeten","robots":{"index":"index","follow":"follow","max-snippet":"max-snippet:-1","max-image-preview":"max-image-preview:large","max-video-preview":"max-video-preview:-1"},"canonical":"https:\/\/www.amanprana.eu\/de\/rettet-das-meer\/frankreich-verbietet-plastikteller-und-plastikbecher\/","og_locale":"de_DE","og_type":"article","og_title":"Frankreich verbietet Plastikbecher und Plastikplatten ab 2020","og_description":"Frankreich m\u00f6chte unseren M\u00fcllberg reduzieren und setzt auf ein Verbot von Plastikbechern und -platten. Gut f\u00fcr die Umwelt, gut f\u00fcr unseren Planeten","og_url":"https:\/\/www.amanprana.eu\/de\/rettet-das-meer\/frankreich-verbietet-plastikteller-und-plastikbecher\/","og_site_name":"Amanprana","article_publisher":"https:\/\/www.facebook.com\/Amanpranaproducts\/","og_image":[{"width":1024,"height":577,"url":"https:\/\/www.amanprana.eu\/wp-content\/uploads\/Plastic-afval-borden-bekers.jpg","type":"image\/jpeg"}],"twitter_card":"summary_large_image","twitter_misc":{"Gesch\u00e4tzte Lesezeit":"1\u00a0Minute"},"schema":{"@context":"https:\/\/schema.org","@graph":[{"@type":"WebPage","@id":"https:\/\/www.amanprana.eu\/de\/rettet-das-meer\/frankreich-verbietet-plastikteller-und-plastikbecher\/","url":"https:\/\/www.amanprana.eu\/de\/rettet-das-meer\/frankreich-verbietet-plastikteller-und-plastikbecher\/","name":"Frankreich verbietet Plastikbecher und Plastikplatten ab 2020","isPartOf":{"@id":"https:\/\/www.amanprana.eu\/de\/#website"},"primaryImageOfPage":{"@id":"https:\/\/www.amanprana.eu\/de\/rettet-das-meer\/frankreich-verbietet-plastikteller-und-plastikbecher\/#primaryimage"},"image":{"@id":"https:\/\/www.amanprana.eu\/de\/rettet-das-meer\/frankreich-verbietet-plastikteller-und-plastikbecher\/#primaryimage"},"thumbnailUrl":"https:\/\/www.amanprana.eu\/wp-content\/uploads\/Plastic-afval-borden-bekers.jpg","datePublished":"2019-01-30T08:02:27+00:00","description":"Frankreich m\u00f6chte unseren M\u00fcllberg reduzieren und setzt auf ein Verbot von Plastikbechern und -platten. Gut f\u00fcr die Umwelt, gut f\u00fcr unseren Planeten","breadcrumb":{"@id":"https:\/\/www.amanprana.eu\/de\/rettet-das-meer\/frankreich-verbietet-plastikteller-und-plastikbecher\/#breadcrumb"},"inLanguage":"de","potentialAction":[{"@type":"ReadAction","target":["https:\/\/www.amanprana.eu\/de\/rettet-das-meer\/frankreich-verbietet-plastikteller-und-plastikbecher\/"]}]},{"@type":"ImageObject","inLanguage":"de","@id":"https:\/\/www.amanprana.eu\/de\/rettet-das-meer\/frankreich-verbietet-plastikteller-und-plastikbecher\/#primaryimage","url":"https:\/\/www.amanprana.eu\/wp-content\/uploads\/Plastic-afval-borden-bekers.jpg","contentUrl":"https:\/\/www.amanprana.eu\/wp-content\/uploads\/Plastic-afval-borden-bekers.jpg","width":1024,"height":577},{"@type":"BreadcrumbList","@id":"https:\/\/www.amanprana.eu\/de\/rettet-das-meer\/frankreich-verbietet-plastikteller-und-plastikbecher\/#breadcrumb","itemListElement":[{"@type":"ListItem","position":1,"name":"Amanprana.eu","item":"https:\/\/www.amanprana.eu\/de\/"},{"@type":"ListItem","position":2,"name":"RDM - berichten","item":"https:\/\/www.amanprana.eu\/de\/rettet-das-meer\/"},{"@type":"ListItem","position":3,"name":"Verschmutzung der Ozeane","item":"https:\/\/www.amanprana.eu\/de\/red_de_zee_categorieen\/verschmutzung-der-ozeane\/"},{"@type":"ListItem","position":4,"name":"Gute Nachrichten: Plastikteller und Plastikbecher werden in Frankreich verboten"}]},{"@type":"WebSite","@id":"https:\/\/www.amanprana.eu\/de\/#website","url":"https:\/\/www.amanprana.eu\/de\/","name":"Amanprana","description":"Serene levenskracht","publisher":{"@id":"https:\/\/www.amanprana.eu\/de\/#organization"},"potentialAction":[{"@type":"SearchAction","target":{"@type":"EntryPoint","urlTemplate":"https:\/\/www.amanprana.eu\/de\/?s={search_term_string}"},"query-input":{"@type":"PropertyValueSpecification","valueRequired":true,"valueName":"search_term_string"}}],"inLanguage":"de"},{"@type":"Organization","@id":"https:\/\/www.amanprana.eu\/de\/#organization","name":"Amanprana","url":"https:\/\/www.amanprana.eu\/de\/","logo":{"@type":"ImageObject","inLanguage":"de","@id":"https:\/\/www.amanprana.eu\/de\/#\/schema\/logo\/image\/","url":"https:\/\/www.amanprana.eu\/wp-content\/uploads\/webres-amanprana-logo.jpg","contentUrl":"https:\/\/www.amanprana.eu\/wp-content\/uploads\/webres-amanprana-logo.jpg","width":300,"height":300,"caption":"Amanprana"},"image":{"@id":"https:\/\/www.amanprana.eu\/de\/#\/schema\/logo\/image\/"},"sameAs":["https:\/\/www.facebook.com\/Amanpranaproducts\/","https:\/\/www.instagram.com\/amanprana\/","https:\/\/nl.pinterest.com\/amanprana\/pins\/"]}]}},"multi-rating":{"mr_rating_results":[]},"_links":{"self":[{"href":"https:\/\/www.amanprana.eu\/de\/wp-json\/wp\/v2\/red_de_zee\/44504","targetHints":{"allow":["GET"]}}],"collection":[{"href":"https:\/\/www.amanprana.eu\/de\/wp-json\/wp\/v2\/red_de_zee"}],"about":[{"href":"https:\/\/www.amanprana.eu\/de\/wp-json\/wp\/v2\/types\/red_de_zee"}],"version-history":[{"count":0,"href":"https:\/\/www.amanprana.eu\/de\/wp-json\/wp\/v2\/red_de_zee\/44504\/revisions"}],"wp:featuredmedia":[{"embeddable":true,"href":"https:\/\/www.amanprana.eu\/de\/wp-json\/wp\/v2\/media\/32992"}],"wp:attachment":[{"href":"https:\/\/www.amanprana.eu\/de\/wp-json\/wp\/v2\/media?parent=44504"}],"curies":[{"name":"wp","href":"https:\/\/api.w.org\/{rel}","templated":true}]}}

<p>Die Franzosen haben sich vorgenommen, bis 2020 alle Plastikteller und Plastikbecher zu verbieten. Damit soll erreicht werden, dass bis 2020 nirgendwo in Frankreich mehr Wattestäbchen, Besteck, Becher und Teller aus Plastik verwendet werden. Microbeads, kleine Plastikpartikel, die unter anderem in Kosmetik verwendet werden, sollen bereits bis 2018 verschwinden. Letzten Juli wurden alle Plastiktüten verbannt. Ein guter Schritt und ein wichtiges Signal der französischen Regierung. Plastik ist eine große Bedrohung für unseren Planeten.</p>
<p>Es gibt allerdings eine Ausnahme für das Verbot, es ist nämlich erlaubt, wiederverwertbare Plastikprodukte aus biologisch abbaubaren Materialien herzustellen, die auf dem heimischen Komposthaufen entsorgt werden können. Der Verband Beter Leefmilieu ist gegen die Ausnahme: „Ob ein Plastikteller kompostierbar ist oder nicht, spielt keine Rolle, wenn er im Meer landet. Er ist genauso schädlich.&#8220; Auch die Verpackungsindustrie ist kein Fan der Maßnahme. Diese würde den EU-Gesetzen über den freien Warenverkehr im Wege stehen. Jetzt wird für jedes Plastikprodukt einzeln bestimmt, ob dieses verboten wird oder nicht und ob dies bis 2018 oder 2020 geschehen wird.</p>
<p>Frankreich erweist sich durch seine Maßnahmen gegen Plastik als Musterschüler in Europa. Das Land hatte bereits in der Vergangenheit viele Maßnahmen zur Vermeidung von Abfall eingeführt. So wurden Supermärkte verpflichtet, unverkaufte Überschüsse zu verschenken statt diese wegzuwerfen.</p>

<!-- This site is optimized with the Yoast SEO plugin v24.7 - https://yoast.com/wordpress/plugins/seo/ -->
<title>Frankreich verbietet Plastikbecher und Plastikplatten ab 2020</title>
<meta name="description" content="Frankreich möchte unseren Müllberg reduzieren und setzt auf ein Verbot von Plastikbechern und -platten. Gut für die Umwelt, gut für unseren Planeten" />
<meta name="robots" content="index, follow, max-snippet:-1, max-image-preview:large, max-video-preview:-1" />
<link rel="canonical" href="https://www.amanprana.eu/de/rettet-das-meer/frankreich-verbietet-plastikteller-und-plastikbecher/" />
<meta property="og:locale" content="de_DE" />
<meta property="og:type" content="article" />
<meta property="og:title" content="Frankreich verbietet Plastikbecher und Plastikplatten ab 2020" />
<meta property="og:description" content="Frankreich möchte unseren Müllberg reduzieren und setzt auf ein Verbot von Plastikbechern und -platten. Gut für die Umwelt, gut für unseren Planeten" />
<meta property="og:url" content="https://www.amanprana.eu/de/rettet-das-meer/frankreich-verbietet-plastikteller-und-plastikbecher/" />
<meta property="og:site_name" content="Amanprana" />
<meta property="article:publisher" content="https://www.facebook.com/Amanpranaproducts/" />
<meta property="og:image" content="https://www.amanprana.eu/wp-content/uploads/Plastic-afval-borden-bekers.jpg" />
	<meta property="og:image:width" content="1024" />
	<meta property="og:image:height" content="577" />
	<meta property="og:image:type" content="image/jpeg" />
<meta name="twitter:card" content="summary_large_image" />
<meta name="twitter:label1" content="Geschätzte Lesezeit" />
	<meta name="twitter:data1" content="1 Minute" />
<script type="application/ld+json" class="yoast-schema-graph">{"@context":"https://schema.org","@graph":[{"@type":"WebPage","@id":"https://www.amanprana.eu/de/rettet-das-meer/frankreich-verbietet-plastikteller-und-plastikbecher/","url":"https://www.amanprana.eu/de/rettet-das-meer/frankreich-verbietet-plastikteller-und-plastikbecher/","name":"Frankreich verbietet Plastikbecher und Plastikplatten ab 2020","isPartOf":{"@id":"https://www.amanprana.eu/de/#website"},"primaryImageOfPage":{"@id":"https://www.amanprana.eu/de/rettet-das-meer/frankreich-verbietet-plastikteller-und-plastikbecher/#primaryimage"},"image":{"@id":"https://www.amanprana.eu/de/rettet-das-meer/frankreich-verbietet-plastikteller-und-plastikbecher/#primaryimage"},"thumbnailUrl":"https://www.amanprana.eu/wp-content/uploads/Plastic-afval-borden-bekers.jpg","datePublished":"2019-01-30T08:02:27+00:00","description":"Frankreich möchte unseren Müllberg reduzieren und setzt auf ein Verbot von Plastikbechern und -platten. Gut für die Umwelt, gut für unseren Planeten","breadcrumb":{"@id":"https://www.amanprana.eu/de/rettet-das-meer/frankreich-verbietet-plastikteller-und-plastikbecher/#breadcrumb"},"inLanguage":"de","potentialAction":[{"@type":"ReadAction","target":["https://www.amanprana.eu/de/rettet-das-meer/frankreich-verbietet-plastikteller-und-plastikbecher/"]}]},{"@type":"ImageObject","inLanguage":"de","@id":"https://www.amanprana.eu/de/rettet-das-meer/frankreich-verbietet-plastikteller-und-plastikbecher/#primaryimage","url":"https://www.amanprana.eu/wp-content/uploads/Plastic-afval-borden-bekers.jpg","contentUrl":"https://www.amanprana.eu/wp-content/uploads/Plastic-afval-borden-bekers.jpg","width":1024,"height":577},{"@type":"BreadcrumbList","@id":"https://www.amanprana.eu/de/rettet-das-meer/frankreich-verbietet-plastikteller-und-plastikbecher/#breadcrumb","itemListElement":[{"@type":"ListItem","position":1,"name":"Amanprana.eu","item":"https://www.amanprana.eu/de/"},{"@type":"ListItem","position":2,"name":"RDM - berichten","item":"https://www.amanprana.eu/de/rettet-das-meer/"},{"@type":"ListItem","position":3,"name":"Verschmutzung der Ozeane","item":"https://www.amanprana.eu/de/red_de_zee_categorieen/verschmutzung-der-ozeane/"},{"@type":"ListItem","position":4,"name":"Gute Nachrichten: Plastikteller und Plastikbecher werden in Frankreich verboten"}]},{"@type":"WebSite","@id":"https://www.amanprana.eu/de/#website","url":"https://www.amanprana.eu/de/","name":"Amanprana","description":"Serene levenskracht","publisher":{"@id":"https://www.amanprana.eu/de/#organization"},"potentialAction":[{"@type":"SearchAction","target":{"@type":"EntryPoint","urlTemplate":"https://www.amanprana.eu/de/?s={search_term_string}"},"query-input":{"@type":"PropertyValueSpecification","valueRequired":true,"valueName":"search_term_string"}}],"inLanguage":"de"},{"@type":"Organization","@id":"https://www.amanprana.eu/de/#organization","name":"Amanprana","url":"https://www.amanprana.eu/de/","logo":{"@type":"ImageObject","inLanguage":"de","@id":"https://www.amanprana.eu/de/#/schema/logo/image/","url":"https://www.amanprana.eu/wp-content/uploads/webres-amanprana-logo.jpg","contentUrl":"https://www.amanprana.eu/wp-content/uploads/webres-amanprana-logo.jpg","width":300,"height":300,"caption":"Amanprana"},"image":{"@id":"https://www.amanprana.eu/de/#/schema/logo/image/"},"sameAs":["https://www.facebook.com/Amanpranaproducts/","https://www.instagram.com/amanprana/","https://nl.pinterest.com/amanprana/pins/"]}]}</script>
<!-- / Yoast SEO plugin. -->

Frankreich möchte unseren Müllberg reduzieren und setzt auf ein Verbot von Plastikbechern und -platten. Gut für die Umwelt, gut für unseren Planeten
