

{"id":44535,"date":"2019-01-30T10:18:57","date_gmt":"2019-01-30T09:18:57","guid":{"rendered":"https:\/\/www.amanprana.eu\/red_de_zee\/meer-gesundheit-video-plastikfreier-juli\/"},"modified":"2019-01-30T10:18:57","modified_gmt":"2019-01-30T09:18:57","slug":"meer-gesundheit-video-plastikfreier-juli","status":"publish","type":"red_de_zee","link":"https:\/\/www.amanprana.eu\/de\/rettet-das-meer\/meer-gesundheit-video-plastikfreier-juli\/","title":{"rendered":"Das Meer und unsere Gesundheit im plastikfreien Juli"},"content":{"rendered":"<p>Schauen Sie t\u00e4glich Nachrichten? Wie h\u00e4ufig h\u00f6ren Sie darin etwas \u00fcber die Ozeane? Was wissen Sie eigentlich dar\u00fcber? Die meisten Leute wissen viel zu wenig. Verst\u00e4ndlich, denn es scheint sehr weit weg zu sein und die Informationen sind h\u00e4ufig nicht eindeutig. Sea First hat jetzt ein tolles Animationsvideo gemacht, in dem man sieht, was eigentlich gerade mit unserer Erde geschieht und dass dies nicht weit weg ist, sondern jeden Einzelnen von uns betrifft.<\/p>\n<h2>Plastic Free July &#8211; der plastikfreie Juli<\/h2>\n<p>M\u00f6chten Sie bewusster mit der Umwelt umgehen? Und mit Plastik? Im Juli wird ein sch\u00f6nes Event organisiert, das hierzu einl\u00e4dt: Plastic Free July &#8211; der plastikfreie Juli. Das Ziel ist es, kein Einwegplastik zu verwenden. Die Top 4 von Plastikgegenst\u00e4nden, die nur einmal verwendet werden: Plastikt\u00fcten, Plastikflaschen, Take-away-Kaffeebecher und Trinkhalme. Wie wir bereits fr\u00fcher berichtet haben, wird erwartet, dass die Ozeane im Jahr 2050 mehr Plastik als Fische enthalten. Dabei w\u00fcrde es schon helfen, wenn wir uns bewusst machen, welche Produkte wir eigentlich verwenden. Welche Probleme verursachen sie und was k\u00f6nnen wir \u00e4ndern?<\/p>\n<h2>Registrieren f\u00fcr Plastic Free July<\/h2>\n<p>M\u00f6chten Sie am plastikfreien Juli teilnehmen? Sie brauchen nicht mal einen ganzen Monat teilzunehmen, denn jeder Beitrag hilft. Sie k\u00f6nnen sogar nur f\u00fcr einen Tag mitmachen, zusammen mit 40.000 Leuten auf der ganzen Welt!<\/p>\n","protected":false},"featured_media":41466,"menu_order":47,"template":"","format":"standard","class_list":["post-44535","red_de_zee","type-red_de_zee","status-publish","format-standard","has-post-thumbnail","hentry","red_de_zee_categorieen-verschmutzung-der-ozeane"],"acf":[],"yoast_head":"<!-- This site is optimized with the Yoast SEO plugin v24.7 - https:\/\/yoast.com\/wordpress\/plugins\/seo\/ -->\n<title>Das Meer und unsere Gesundheit im plastikfreien Juli - Amanprana<\/title>\n<meta name=\"description\" content=\"Schauen Sie t\u00e4glich Nachrichten? Wie h\u00e4ufig h\u00f6ren Sie darin etwas \u00fcber die Ozeane? Was wissen Sie eigentlich dar\u00fcber? Die meisten Leute wissen viel zu\" \/>\n<meta name=\"robots\" content=\"index, follow, max-snippet:-1, max-image-preview:large, max-video-preview:-1\" \/>\n<link rel=\"canonical\" href=\"https:\/\/www.amanprana.eu\/de\/rettet-das-meer\/meer-gesundheit-video-plastikfreier-juli\/\" \/>\n<meta property=\"og:locale\" content=\"de_DE\" \/>\n<meta property=\"og:type\" content=\"article\" \/>\n<meta property=\"og:title\" content=\"Das Meer und unsere Gesundheit im plastikfreien Juli - Amanprana\" \/>\n<meta property=\"og:description\" content=\"Schauen Sie t\u00e4glich Nachrichten? Wie h\u00e4ufig h\u00f6ren Sie darin etwas \u00fcber die Ozeane? Was wissen Sie eigentlich dar\u00fcber? Die meisten Leute wissen viel zu\" \/>\n<meta property=\"og:url\" content=\"https:\/\/www.amanprana.eu\/de\/rettet-das-meer\/meer-gesundheit-video-plastikfreier-juli\/\" \/>\n<meta property=\"og:site_name\" content=\"Amanprana\" \/>\n<meta property=\"article:publisher\" content=\"https:\/\/www.facebook.com\/Amanpranaproducts\/\" \/>\n<meta property=\"og:image\" content=\"https:\/\/www.amanprana.eu\/wp-content\/uploads\/Le-plastique-envahissant-la-mer.jpg\" \/>\n\t<meta property=\"og:image:width\" content=\"1500\" \/>\n\t<meta property=\"og:image:height\" content=\"671\" \/>\n\t<meta property=\"og:image:type\" content=\"image\/jpeg\" \/>\n<meta name=\"twitter:card\" content=\"summary_large_image\" \/>\n<meta name=\"twitter:label1\" content=\"Gesch\u00e4tzte Lesezeit\" \/>\n\t<meta name=\"twitter:data1\" content=\"1\u00a0Minute\" \/>\n<script type=\"application\/ld+json\" class=\"yoast-schema-graph\">{\"@context\":\"https:\/\/schema.org\",\"@graph\":[{\"@type\":\"WebPage\",\"@id\":\"https:\/\/www.amanprana.eu\/de\/rettet-das-meer\/meer-gesundheit-video-plastikfreier-juli\/\",\"url\":\"https:\/\/www.amanprana.eu\/de\/rettet-das-meer\/meer-gesundheit-video-plastikfreier-juli\/\",\"name\":\"Das Meer und unsere Gesundheit im plastikfreien Juli - Amanprana\",\"isPartOf\":{\"@id\":\"https:\/\/www.amanprana.eu\/de\/#website\"},\"primaryImageOfPage\":{\"@id\":\"https:\/\/www.amanprana.eu\/de\/rettet-das-meer\/meer-gesundheit-video-plastikfreier-juli\/#primaryimage\"},\"image\":{\"@id\":\"https:\/\/www.amanprana.eu\/de\/rettet-das-meer\/meer-gesundheit-video-plastikfreier-juli\/#primaryimage\"},\"thumbnailUrl\":\"https:\/\/www.amanprana.eu\/wp-content\/uploads\/Le-plastique-envahissant-la-mer.jpg\",\"datePublished\":\"2019-01-30T09:18:57+00:00\",\"description\":\"Schauen Sie t\u00e4glich Nachrichten? Wie h\u00e4ufig h\u00f6ren Sie darin etwas \u00fcber die Ozeane? Was wissen Sie eigentlich dar\u00fcber? Die meisten Leute wissen viel zu\",\"breadcrumb\":{\"@id\":\"https:\/\/www.amanprana.eu\/de\/rettet-das-meer\/meer-gesundheit-video-plastikfreier-juli\/#breadcrumb\"},\"inLanguage\":\"de\",\"potentialAction\":[{\"@type\":\"ReadAction\",\"target\":[\"https:\/\/www.amanprana.eu\/de\/rettet-das-meer\/meer-gesundheit-video-plastikfreier-juli\/\"]}]},{\"@type\":\"ImageObject\",\"inLanguage\":\"de\",\"@id\":\"https:\/\/www.amanprana.eu\/de\/rettet-das-meer\/meer-gesundheit-video-plastikfreier-juli\/#primaryimage\",\"url\":\"https:\/\/www.amanprana.eu\/wp-content\/uploads\/Le-plastique-envahissant-la-mer.jpg\",\"contentUrl\":\"https:\/\/www.amanprana.eu\/wp-content\/uploads\/Le-plastique-envahissant-la-mer.jpg\",\"width\":1500,\"height\":671},{\"@type\":\"BreadcrumbList\",\"@id\":\"https:\/\/www.amanprana.eu\/de\/rettet-das-meer\/meer-gesundheit-video-plastikfreier-juli\/#breadcrumb\",\"itemListElement\":[{\"@type\":\"ListItem\",\"position\":1,\"name\":\"Amanprana.eu\",\"item\":\"https:\/\/www.amanprana.eu\/de\/\"},{\"@type\":\"ListItem\",\"position\":2,\"name\":\"RDM - berichten\",\"item\":\"https:\/\/www.amanprana.eu\/de\/rettet-das-meer\/\"},{\"@type\":\"ListItem\",\"position\":3,\"name\":\"Verschmutzung der Ozeane\",\"item\":\"https:\/\/www.amanprana.eu\/de\/red_de_zee_categorieen\/verschmutzung-der-ozeane\/\"},{\"@type\":\"ListItem\",\"position\":4,\"name\":\"Das Meer und unsere Gesundheit im plastikfreien Juli\"}]},{\"@type\":\"WebSite\",\"@id\":\"https:\/\/www.amanprana.eu\/de\/#website\",\"url\":\"https:\/\/www.amanprana.eu\/de\/\",\"name\":\"Amanprana\",\"description\":\"Serene levenskracht\",\"publisher\":{\"@id\":\"https:\/\/www.amanprana.eu\/de\/#organization\"},\"potentialAction\":[{\"@type\":\"SearchAction\",\"target\":{\"@type\":\"EntryPoint\",\"urlTemplate\":\"https:\/\/www.amanprana.eu\/de\/?s={search_term_string}\"},\"query-input\":{\"@type\":\"PropertyValueSpecification\",\"valueRequired\":true,\"valueName\":\"search_term_string\"}}],\"inLanguage\":\"de\"},{\"@type\":\"Organization\",\"@id\":\"https:\/\/www.amanprana.eu\/de\/#organization\",\"name\":\"Amanprana\",\"url\":\"https:\/\/www.amanprana.eu\/de\/\",\"logo\":{\"@type\":\"ImageObject\",\"inLanguage\":\"de\",\"@id\":\"https:\/\/www.amanprana.eu\/de\/#\/schema\/logo\/image\/\",\"url\":\"https:\/\/www.amanprana.eu\/wp-content\/uploads\/webres-amanprana-logo.jpg\",\"contentUrl\":\"https:\/\/www.amanprana.eu\/wp-content\/uploads\/webres-amanprana-logo.jpg\",\"width\":300,\"height\":300,\"caption\":\"Amanprana\"},\"image\":{\"@id\":\"https:\/\/www.amanprana.eu\/de\/#\/schema\/logo\/image\/\"},\"sameAs\":[\"https:\/\/www.facebook.com\/Amanpranaproducts\/\",\"https:\/\/www.instagram.com\/amanprana\/\",\"https:\/\/nl.pinterest.com\/amanprana\/pins\/\"]}]}<\/script>\n<!-- \/ Yoast SEO plugin. -->","yoast_head_json":{"title":"Das Meer und unsere Gesundheit im plastikfreien Juli - Amanprana","description":"Schauen Sie t\u00e4glich Nachrichten? Wie h\u00e4ufig h\u00f6ren Sie darin etwas \u00fcber die Ozeane? Was wissen Sie eigentlich dar\u00fcber? Die meisten Leute wissen viel zu","robots":{"index":"index","follow":"follow","max-snippet":"max-snippet:-1","max-image-preview":"max-image-preview:large","max-video-preview":"max-video-preview:-1"},"canonical":"https:\/\/www.amanprana.eu\/de\/rettet-das-meer\/meer-gesundheit-video-plastikfreier-juli\/","og_locale":"de_DE","og_type":"article","og_title":"Das Meer und unsere Gesundheit im plastikfreien Juli - Amanprana","og_description":"Schauen Sie t\u00e4glich Nachrichten? Wie h\u00e4ufig h\u00f6ren Sie darin etwas \u00fcber die Ozeane? Was wissen Sie eigentlich dar\u00fcber? Die meisten Leute wissen viel zu","og_url":"https:\/\/www.amanprana.eu\/de\/rettet-das-meer\/meer-gesundheit-video-plastikfreier-juli\/","og_site_name":"Amanprana","article_publisher":"https:\/\/www.facebook.com\/Amanpranaproducts\/","og_image":[{"width":1500,"height":671,"url":"https:\/\/www.amanprana.eu\/wp-content\/uploads\/Le-plastique-envahissant-la-mer.jpg","type":"image\/jpeg"}],"twitter_card":"summary_large_image","twitter_misc":{"Gesch\u00e4tzte Lesezeit":"1\u00a0Minute"},"schema":{"@context":"https:\/\/schema.org","@graph":[{"@type":"WebPage","@id":"https:\/\/www.amanprana.eu\/de\/rettet-das-meer\/meer-gesundheit-video-plastikfreier-juli\/","url":"https:\/\/www.amanprana.eu\/de\/rettet-das-meer\/meer-gesundheit-video-plastikfreier-juli\/","name":"Das Meer und unsere Gesundheit im plastikfreien Juli - Amanprana","isPartOf":{"@id":"https:\/\/www.amanprana.eu\/de\/#website"},"primaryImageOfPage":{"@id":"https:\/\/www.amanprana.eu\/de\/rettet-das-meer\/meer-gesundheit-video-plastikfreier-juli\/#primaryimage"},"image":{"@id":"https:\/\/www.amanprana.eu\/de\/rettet-das-meer\/meer-gesundheit-video-plastikfreier-juli\/#primaryimage"},"thumbnailUrl":"https:\/\/www.amanprana.eu\/wp-content\/uploads\/Le-plastique-envahissant-la-mer.jpg","datePublished":"2019-01-30T09:18:57+00:00","description":"Schauen Sie t\u00e4glich Nachrichten? Wie h\u00e4ufig h\u00f6ren Sie darin etwas \u00fcber die Ozeane? Was wissen Sie eigentlich dar\u00fcber? Die meisten Leute wissen viel zu","breadcrumb":{"@id":"https:\/\/www.amanprana.eu\/de\/rettet-das-meer\/meer-gesundheit-video-plastikfreier-juli\/#breadcrumb"},"inLanguage":"de","potentialAction":[{"@type":"ReadAction","target":["https:\/\/www.amanprana.eu\/de\/rettet-das-meer\/meer-gesundheit-video-plastikfreier-juli\/"]}]},{"@type":"ImageObject","inLanguage":"de","@id":"https:\/\/www.amanprana.eu\/de\/rettet-das-meer\/meer-gesundheit-video-plastikfreier-juli\/#primaryimage","url":"https:\/\/www.amanprana.eu\/wp-content\/uploads\/Le-plastique-envahissant-la-mer.jpg","contentUrl":"https:\/\/www.amanprana.eu\/wp-content\/uploads\/Le-plastique-envahissant-la-mer.jpg","width":1500,"height":671},{"@type":"BreadcrumbList","@id":"https:\/\/www.amanprana.eu\/de\/rettet-das-meer\/meer-gesundheit-video-plastikfreier-juli\/#breadcrumb","itemListElement":[{"@type":"ListItem","position":1,"name":"Amanprana.eu","item":"https:\/\/www.amanprana.eu\/de\/"},{"@type":"ListItem","position":2,"name":"RDM - berichten","item":"https:\/\/www.amanprana.eu\/de\/rettet-das-meer\/"},{"@type":"ListItem","position":3,"name":"Verschmutzung der Ozeane","item":"https:\/\/www.amanprana.eu\/de\/red_de_zee_categorieen\/verschmutzung-der-ozeane\/"},{"@type":"ListItem","position":4,"name":"Das Meer und unsere Gesundheit im plastikfreien Juli"}]},{"@type":"WebSite","@id":"https:\/\/www.amanprana.eu\/de\/#website","url":"https:\/\/www.amanprana.eu\/de\/","name":"Amanprana","description":"Serene levenskracht","publisher":{"@id":"https:\/\/www.amanprana.eu\/de\/#organization"},"potentialAction":[{"@type":"SearchAction","target":{"@type":"EntryPoint","urlTemplate":"https:\/\/www.amanprana.eu\/de\/?s={search_term_string}"},"query-input":{"@type":"PropertyValueSpecification","valueRequired":true,"valueName":"search_term_string"}}],"inLanguage":"de"},{"@type":"Organization","@id":"https:\/\/www.amanprana.eu\/de\/#organization","name":"Amanprana","url":"https:\/\/www.amanprana.eu\/de\/","logo":{"@type":"ImageObject","inLanguage":"de","@id":"https:\/\/www.amanprana.eu\/de\/#\/schema\/logo\/image\/","url":"https:\/\/www.amanprana.eu\/wp-content\/uploads\/webres-amanprana-logo.jpg","contentUrl":"https:\/\/www.amanprana.eu\/wp-content\/uploads\/webres-amanprana-logo.jpg","width":300,"height":300,"caption":"Amanprana"},"image":{"@id":"https:\/\/www.amanprana.eu\/de\/#\/schema\/logo\/image\/"},"sameAs":["https:\/\/www.facebook.com\/Amanpranaproducts\/","https:\/\/www.instagram.com\/amanprana\/","https:\/\/nl.pinterest.com\/amanprana\/pins\/"]}]}},"multi-rating":{"mr_rating_results":[]},"_links":{"self":[{"href":"https:\/\/www.amanprana.eu\/de\/wp-json\/wp\/v2\/red_de_zee\/44535","targetHints":{"allow":["GET"]}}],"collection":[{"href":"https:\/\/www.amanprana.eu\/de\/wp-json\/wp\/v2\/red_de_zee"}],"about":[{"href":"https:\/\/www.amanprana.eu\/de\/wp-json\/wp\/v2\/types\/red_de_zee"}],"version-history":[{"count":0,"href":"https:\/\/www.amanprana.eu\/de\/wp-json\/wp\/v2\/red_de_zee\/44535\/revisions"}],"wp:featuredmedia":[{"embeddable":true,"href":"https:\/\/www.amanprana.eu\/de\/wp-json\/wp\/v2\/media\/41466"}],"wp:attachment":[{"href":"https:\/\/www.amanprana.eu\/de\/wp-json\/wp\/v2\/media?parent=44535"}],"curies":[{"name":"wp","href":"https:\/\/api.w.org\/{rel}","templated":true}]}}

<p>Schauen Sie täglich Nachrichten? Wie häufig hören Sie darin etwas über die Ozeane? Was wissen Sie eigentlich darüber? Die meisten Leute wissen viel zu wenig. Verständlich, denn es scheint sehr weit weg zu sein und die Informationen sind häufig nicht eindeutig. Sea First hat jetzt ein tolles Animationsvideo gemacht, in dem man sieht, was eigentlich gerade mit unserer Erde geschieht und dass dies nicht weit weg ist, sondern jeden Einzelnen von uns betrifft.</p>
<h2>Plastic Free July &#8211; der plastikfreie Juli</h2>
<p>Möchten Sie bewusster mit der Umwelt umgehen? Und mit Plastik? Im Juli wird ein schönes Event organisiert, das hierzu einlädt: Plastic Free July &#8211; der plastikfreie Juli. Das Ziel ist es, kein Einwegplastik zu verwenden. Die Top 4 von Plastikgegenständen, die nur einmal verwendet werden: Plastiktüten, Plastikflaschen, Take-away-Kaffeebecher und Trinkhalme. Wie wir bereits früher berichtet haben, wird erwartet, dass die Ozeane im Jahr 2050 mehr Plastik als Fische enthalten. Dabei würde es schon helfen, wenn wir uns bewusst machen, welche Produkte wir eigentlich verwenden. Welche Probleme verursachen sie und was können wir ändern?</p>
<h2>Registrieren für Plastic Free July</h2>
<p>Möchten Sie am plastikfreien Juli teilnehmen? Sie brauchen nicht mal einen ganzen Monat teilzunehmen, denn jeder Beitrag hilft. Sie können sogar nur für einen Tag mitmachen, zusammen mit 40.000 Leuten auf der ganzen Welt!</p>

<!-- This site is optimized with the Yoast SEO plugin v24.7 - https://yoast.com/wordpress/plugins/seo/ -->
<title>Das Meer und unsere Gesundheit im plastikfreien Juli - Amanprana</title>
<meta name="description" content="Schauen Sie täglich Nachrichten? Wie häufig hören Sie darin etwas über die Ozeane? Was wissen Sie eigentlich darüber? Die meisten Leute wissen viel zu" />
<meta name="robots" content="index, follow, max-snippet:-1, max-image-preview:large, max-video-preview:-1" />
<link rel="canonical" href="https://www.amanprana.eu/de/rettet-das-meer/meer-gesundheit-video-plastikfreier-juli/" />
<meta property="og:locale" content="de_DE" />
<meta property="og:type" content="article" />
<meta property="og:title" content="Das Meer und unsere Gesundheit im plastikfreien Juli - Amanprana" />
<meta property="og:description" content="Schauen Sie täglich Nachrichten? Wie häufig hören Sie darin etwas über die Ozeane? Was wissen Sie eigentlich darüber? Die meisten Leute wissen viel zu" />
<meta property="og:url" content="https://www.amanprana.eu/de/rettet-das-meer/meer-gesundheit-video-plastikfreier-juli/" />
<meta property="og:site_name" content="Amanprana" />
<meta property="article:publisher" content="https://www.facebook.com/Amanpranaproducts/" />
<meta property="og:image" content="https://www.amanprana.eu/wp-content/uploads/Le-plastique-envahissant-la-mer.jpg" />
	<meta property="og:image:width" content="1500" />
	<meta property="og:image:height" content="671" />
	<meta property="og:image:type" content="image/jpeg" />
<meta name="twitter:card" content="summary_large_image" />
<meta name="twitter:label1" content="Geschätzte Lesezeit" />
	<meta name="twitter:data1" content="1 Minute" />
<script type="application/ld+json" class="yoast-schema-graph">{"@context":"https://schema.org","@graph":[{"@type":"WebPage","@id":"https://www.amanprana.eu/de/rettet-das-meer/meer-gesundheit-video-plastikfreier-juli/","url":"https://www.amanprana.eu/de/rettet-das-meer/meer-gesundheit-video-plastikfreier-juli/","name":"Das Meer und unsere Gesundheit im plastikfreien Juli - Amanprana","isPartOf":{"@id":"https://www.amanprana.eu/de/#website"},"primaryImageOfPage":{"@id":"https://www.amanprana.eu/de/rettet-das-meer/meer-gesundheit-video-plastikfreier-juli/#primaryimage"},"image":{"@id":"https://www.amanprana.eu/de/rettet-das-meer/meer-gesundheit-video-plastikfreier-juli/#primaryimage"},"thumbnailUrl":"https://www.amanprana.eu/wp-content/uploads/Le-plastique-envahissant-la-mer.jpg","datePublished":"2019-01-30T09:18:57+00:00","description":"Schauen Sie täglich Nachrichten? Wie häufig hören Sie darin etwas über die Ozeane? Was wissen Sie eigentlich darüber? Die meisten Leute wissen viel zu","breadcrumb":{"@id":"https://www.amanprana.eu/de/rettet-das-meer/meer-gesundheit-video-plastikfreier-juli/#breadcrumb"},"inLanguage":"de","potentialAction":[{"@type":"ReadAction","target":["https://www.amanprana.eu/de/rettet-das-meer/meer-gesundheit-video-plastikfreier-juli/"]}]},{"@type":"ImageObject","inLanguage":"de","@id":"https://www.amanprana.eu/de/rettet-das-meer/meer-gesundheit-video-plastikfreier-juli/#primaryimage","url":"https://www.amanprana.eu/wp-content/uploads/Le-plastique-envahissant-la-mer.jpg","contentUrl":"https://www.amanprana.eu/wp-content/uploads/Le-plastique-envahissant-la-mer.jpg","width":1500,"height":671},{"@type":"BreadcrumbList","@id":"https://www.amanprana.eu/de/rettet-das-meer/meer-gesundheit-video-plastikfreier-juli/#breadcrumb","itemListElement":[{"@type":"ListItem","position":1,"name":"Amanprana.eu","item":"https://www.amanprana.eu/de/"},{"@type":"ListItem","position":2,"name":"RDM - berichten","item":"https://www.amanprana.eu/de/rettet-das-meer/"},{"@type":"ListItem","position":3,"name":"Verschmutzung der Ozeane","item":"https://www.amanprana.eu/de/red_de_zee_categorieen/verschmutzung-der-ozeane/"},{"@type":"ListItem","position":4,"name":"Das Meer und unsere Gesundheit im plastikfreien Juli"}]},{"@type":"WebSite","@id":"https://www.amanprana.eu/de/#website","url":"https://www.amanprana.eu/de/","name":"Amanprana","description":"Serene levenskracht","publisher":{"@id":"https://www.amanprana.eu/de/#organization"},"potentialAction":[{"@type":"SearchAction","target":{"@type":"EntryPoint","urlTemplate":"https://www.amanprana.eu/de/?s={search_term_string}"},"query-input":{"@type":"PropertyValueSpecification","valueRequired":true,"valueName":"search_term_string"}}],"inLanguage":"de"},{"@type":"Organization","@id":"https://www.amanprana.eu/de/#organization","name":"Amanprana","url":"https://www.amanprana.eu/de/","logo":{"@type":"ImageObject","inLanguage":"de","@id":"https://www.amanprana.eu/de/#/schema/logo/image/","url":"https://www.amanprana.eu/wp-content/uploads/webres-amanprana-logo.jpg","contentUrl":"https://www.amanprana.eu/wp-content/uploads/webres-amanprana-logo.jpg","width":300,"height":300,"caption":"Amanprana"},"image":{"@id":"https://www.amanprana.eu/de/#/schema/logo/image/"},"sameAs":["https://www.facebook.com/Amanpranaproducts/","https://www.instagram.com/amanprana/","https://nl.pinterest.com/amanprana/pins/"]}]}</script>
<!-- / Yoast SEO plugin. -->

Schauen Sie täglich Nachrichten? Wie häufig hören Sie darin etwas über die Ozeane? Was wissen Sie eigentlich darüber? Die meisten Leute wissen viel zu
