

{"id":44538,"date":"2019-01-30T10:38:19","date_gmt":"2019-01-30T09:38:19","guid":{"rendered":"https:\/\/www.amanprana.eu\/red_de_zee\/der-plastiki-von-eco-warrior-david-de-rothschild\/"},"modified":"2019-01-30T10:38:19","modified_gmt":"2019-01-30T09:38:19","slug":"der-plastiki-von-eco-warrior-david-de-rothschild","status":"publish","type":"red_de_zee","link":"https:\/\/www.amanprana.eu\/de\/rettet-das-meer\/der-plastiki-von-eco-warrior-david-de-rothschild\/","title":{"rendered":"Der Plastiki von eco-warrrior David de Rothschild"},"content":{"rendered":"<p>Der \u00d6ko-Aktivist und extravagante Milliard\u00e4r David de Rothschild hat die Absicht, mit seinem Plastiki, einem Katamaran aus 12.000 Plastikflaschen mit einer L\u00e4nge von 20 Metern eine Weltreise von gut 11 000 nautischen Meilen zu machen. <\/p>\n<p>Seiner Meinung nach gibt es 2 Arten Kunststoff. Es gibt die Einweg-Plastikt\u00fcte und Kunststoff, der recycelt werden kann. Plastikt\u00fcten sollten \u00fcberall verboten werden, weil sie eine enorme Belastung f\u00fcr die Umwelt und Gesundheit sind. Ebenfalls sollten wir recyclingf\u00e4higen Kunststoff besser benutzen und wieder verwenden. Zum Beispiel Polyester f\u00fcr Segelboote durch recycelten Kunststoff ersetzen.<\/p>\n","protected":false},"featured_media":41456,"menu_order":45,"template":"","format":"standard","class_list":["post-44538","red_de_zee","type-red_de_zee","status-publish","format-standard","has-post-thumbnail","hentry","red_de_zee_categorieen-verschmutzung-der-ozeane"],"acf":[],"yoast_head":"<!-- This site is optimized with the Yoast SEO plugin v24.7 - https:\/\/yoast.com\/wordpress\/plugins\/seo\/ -->\n<title>Der Plastiki von eco-warrrior David de Rothschild - Amanprana<\/title>\n<meta name=\"description\" content=\"Der \u00d6ko-Aktivist und extravagante Milliard\u00e4r David de Rothschild hat die Absicht, mit seinem Plastiki, einem Katamaran aus 12.000 Plastikflaschen mit\" \/>\n<meta name=\"robots\" content=\"index, follow, max-snippet:-1, max-image-preview:large, max-video-preview:-1\" \/>\n<link rel=\"canonical\" href=\"https:\/\/www.amanprana.eu\/de\/rettet-das-meer\/der-plastiki-von-eco-warrior-david-de-rothschild\/\" \/>\n<meta property=\"og:locale\" content=\"de_DE\" \/>\n<meta property=\"og:type\" content=\"article\" \/>\n<meta property=\"og:title\" content=\"Der Plastiki von eco-warrrior David de Rothschild - Amanprana\" \/>\n<meta property=\"og:description\" content=\"Der \u00d6ko-Aktivist und extravagante Milliard\u00e4r David de Rothschild hat die Absicht, mit seinem Plastiki, einem Katamaran aus 12.000 Plastikflaschen mit\" \/>\n<meta property=\"og:url\" content=\"https:\/\/www.amanprana.eu\/de\/rettet-das-meer\/der-plastiki-von-eco-warrior-david-de-rothschild\/\" \/>\n<meta property=\"og:site_name\" content=\"Amanprana\" \/>\n<meta property=\"article:publisher\" content=\"https:\/\/www.facebook.com\/Amanpranaproducts\/\" \/>\n<meta property=\"og:image\" content=\"https:\/\/www.amanprana.eu\/wp-content\/uploads\/the_plastiki_expedition.jpg\" \/>\n\t<meta property=\"og:image:width\" content=\"600\" \/>\n\t<meta property=\"og:image:height\" content=\"336\" \/>\n\t<meta property=\"og:image:type\" content=\"image\/jpeg\" \/>\n<meta name=\"twitter:card\" content=\"summary_large_image\" \/>\n<script type=\"application\/ld+json\" class=\"yoast-schema-graph\">{\"@context\":\"https:\/\/schema.org\",\"@graph\":[{\"@type\":\"WebPage\",\"@id\":\"https:\/\/www.amanprana.eu\/de\/rettet-das-meer\/der-plastiki-von-eco-warrior-david-de-rothschild\/\",\"url\":\"https:\/\/www.amanprana.eu\/de\/rettet-das-meer\/der-plastiki-von-eco-warrior-david-de-rothschild\/\",\"name\":\"Der Plastiki von eco-warrrior David de Rothschild - Amanprana\",\"isPartOf\":{\"@id\":\"https:\/\/www.amanprana.eu\/de\/#website\"},\"primaryImageOfPage\":{\"@id\":\"https:\/\/www.amanprana.eu\/de\/rettet-das-meer\/der-plastiki-von-eco-warrior-david-de-rothschild\/#primaryimage\"},\"image\":{\"@id\":\"https:\/\/www.amanprana.eu\/de\/rettet-das-meer\/der-plastiki-von-eco-warrior-david-de-rothschild\/#primaryimage\"},\"thumbnailUrl\":\"https:\/\/www.amanprana.eu\/wp-content\/uploads\/the_plastiki_expedition.jpg\",\"datePublished\":\"2019-01-30T09:38:19+00:00\",\"description\":\"Der \u00d6ko-Aktivist und extravagante Milliard\u00e4r David de Rothschild hat die Absicht, mit seinem Plastiki, einem Katamaran aus 12.000 Plastikflaschen mit\",\"breadcrumb\":{\"@id\":\"https:\/\/www.amanprana.eu\/de\/rettet-das-meer\/der-plastiki-von-eco-warrior-david-de-rothschild\/#breadcrumb\"},\"inLanguage\":\"de\",\"potentialAction\":[{\"@type\":\"ReadAction\",\"target\":[\"https:\/\/www.amanprana.eu\/de\/rettet-das-meer\/der-plastiki-von-eco-warrior-david-de-rothschild\/\"]}]},{\"@type\":\"ImageObject\",\"inLanguage\":\"de\",\"@id\":\"https:\/\/www.amanprana.eu\/de\/rettet-das-meer\/der-plastiki-von-eco-warrior-david-de-rothschild\/#primaryimage\",\"url\":\"https:\/\/www.amanprana.eu\/wp-content\/uploads\/the_plastiki_expedition.jpg\",\"contentUrl\":\"https:\/\/www.amanprana.eu\/wp-content\/uploads\/the_plastiki_expedition.jpg\",\"width\":600,\"height\":336},{\"@type\":\"BreadcrumbList\",\"@id\":\"https:\/\/www.amanprana.eu\/de\/rettet-das-meer\/der-plastiki-von-eco-warrior-david-de-rothschild\/#breadcrumb\",\"itemListElement\":[{\"@type\":\"ListItem\",\"position\":1,\"name\":\"Amanprana.eu\",\"item\":\"https:\/\/www.amanprana.eu\/de\/\"},{\"@type\":\"ListItem\",\"position\":2,\"name\":\"RDM - berichten\",\"item\":\"https:\/\/www.amanprana.eu\/de\/rettet-das-meer\/\"},{\"@type\":\"ListItem\",\"position\":3,\"name\":\"Verschmutzung der Ozeane\",\"item\":\"https:\/\/www.amanprana.eu\/de\/red_de_zee_categorieen\/verschmutzung-der-ozeane\/\"},{\"@type\":\"ListItem\",\"position\":4,\"name\":\"Der Plastiki von eco-warrrior David de Rothschild\"}]},{\"@type\":\"WebSite\",\"@id\":\"https:\/\/www.amanprana.eu\/de\/#website\",\"url\":\"https:\/\/www.amanprana.eu\/de\/\",\"name\":\"Amanprana\",\"description\":\"Serene levenskracht\",\"publisher\":{\"@id\":\"https:\/\/www.amanprana.eu\/de\/#organization\"},\"potentialAction\":[{\"@type\":\"SearchAction\",\"target\":{\"@type\":\"EntryPoint\",\"urlTemplate\":\"https:\/\/www.amanprana.eu\/de\/?s={search_term_string}\"},\"query-input\":{\"@type\":\"PropertyValueSpecification\",\"valueRequired\":true,\"valueName\":\"search_term_string\"}}],\"inLanguage\":\"de\"},{\"@type\":\"Organization\",\"@id\":\"https:\/\/www.amanprana.eu\/de\/#organization\",\"name\":\"Amanprana\",\"url\":\"https:\/\/www.amanprana.eu\/de\/\",\"logo\":{\"@type\":\"ImageObject\",\"inLanguage\":\"de\",\"@id\":\"https:\/\/www.amanprana.eu\/de\/#\/schema\/logo\/image\/\",\"url\":\"https:\/\/www.amanprana.eu\/wp-content\/uploads\/webres-amanprana-logo.jpg\",\"contentUrl\":\"https:\/\/www.amanprana.eu\/wp-content\/uploads\/webres-amanprana-logo.jpg\",\"width\":300,\"height\":300,\"caption\":\"Amanprana\"},\"image\":{\"@id\":\"https:\/\/www.amanprana.eu\/de\/#\/schema\/logo\/image\/\"},\"sameAs\":[\"https:\/\/www.facebook.com\/Amanpranaproducts\/\",\"https:\/\/www.instagram.com\/amanprana\/\",\"https:\/\/nl.pinterest.com\/amanprana\/pins\/\"]}]}<\/script>\n<!-- \/ Yoast SEO plugin. -->","yoast_head_json":{"title":"Der Plastiki von eco-warrrior David de Rothschild - Amanprana","description":"Der \u00d6ko-Aktivist und extravagante Milliard\u00e4r David de Rothschild hat die Absicht, mit seinem Plastiki, einem Katamaran aus 12.000 Plastikflaschen mit","robots":{"index":"index","follow":"follow","max-snippet":"max-snippet:-1","max-image-preview":"max-image-preview:large","max-video-preview":"max-video-preview:-1"},"canonical":"https:\/\/www.amanprana.eu\/de\/rettet-das-meer\/der-plastiki-von-eco-warrior-david-de-rothschild\/","og_locale":"de_DE","og_type":"article","og_title":"Der Plastiki von eco-warrrior David de Rothschild - Amanprana","og_description":"Der \u00d6ko-Aktivist und extravagante Milliard\u00e4r David de Rothschild hat die Absicht, mit seinem Plastiki, einem Katamaran aus 12.000 Plastikflaschen mit","og_url":"https:\/\/www.amanprana.eu\/de\/rettet-das-meer\/der-plastiki-von-eco-warrior-david-de-rothschild\/","og_site_name":"Amanprana","article_publisher":"https:\/\/www.facebook.com\/Amanpranaproducts\/","og_image":[{"width":600,"height":336,"url":"https:\/\/www.amanprana.eu\/wp-content\/uploads\/the_plastiki_expedition.jpg","type":"image\/jpeg"}],"twitter_card":"summary_large_image","schema":{"@context":"https:\/\/schema.org","@graph":[{"@type":"WebPage","@id":"https:\/\/www.amanprana.eu\/de\/rettet-das-meer\/der-plastiki-von-eco-warrior-david-de-rothschild\/","url":"https:\/\/www.amanprana.eu\/de\/rettet-das-meer\/der-plastiki-von-eco-warrior-david-de-rothschild\/","name":"Der Plastiki von eco-warrrior David de Rothschild - Amanprana","isPartOf":{"@id":"https:\/\/www.amanprana.eu\/de\/#website"},"primaryImageOfPage":{"@id":"https:\/\/www.amanprana.eu\/de\/rettet-das-meer\/der-plastiki-von-eco-warrior-david-de-rothschild\/#primaryimage"},"image":{"@id":"https:\/\/www.amanprana.eu\/de\/rettet-das-meer\/der-plastiki-von-eco-warrior-david-de-rothschild\/#primaryimage"},"thumbnailUrl":"https:\/\/www.amanprana.eu\/wp-content\/uploads\/the_plastiki_expedition.jpg","datePublished":"2019-01-30T09:38:19+00:00","description":"Der \u00d6ko-Aktivist und extravagante Milliard\u00e4r David de Rothschild hat die Absicht, mit seinem Plastiki, einem Katamaran aus 12.000 Plastikflaschen mit","breadcrumb":{"@id":"https:\/\/www.amanprana.eu\/de\/rettet-das-meer\/der-plastiki-von-eco-warrior-david-de-rothschild\/#breadcrumb"},"inLanguage":"de","potentialAction":[{"@type":"ReadAction","target":["https:\/\/www.amanprana.eu\/de\/rettet-das-meer\/der-plastiki-von-eco-warrior-david-de-rothschild\/"]}]},{"@type":"ImageObject","inLanguage":"de","@id":"https:\/\/www.amanprana.eu\/de\/rettet-das-meer\/der-plastiki-von-eco-warrior-david-de-rothschild\/#primaryimage","url":"https:\/\/www.amanprana.eu\/wp-content\/uploads\/the_plastiki_expedition.jpg","contentUrl":"https:\/\/www.amanprana.eu\/wp-content\/uploads\/the_plastiki_expedition.jpg","width":600,"height":336},{"@type":"BreadcrumbList","@id":"https:\/\/www.amanprana.eu\/de\/rettet-das-meer\/der-plastiki-von-eco-warrior-david-de-rothschild\/#breadcrumb","itemListElement":[{"@type":"ListItem","position":1,"name":"Amanprana.eu","item":"https:\/\/www.amanprana.eu\/de\/"},{"@type":"ListItem","position":2,"name":"RDM - berichten","item":"https:\/\/www.amanprana.eu\/de\/rettet-das-meer\/"},{"@type":"ListItem","position":3,"name":"Verschmutzung der Ozeane","item":"https:\/\/www.amanprana.eu\/de\/red_de_zee_categorieen\/verschmutzung-der-ozeane\/"},{"@type":"ListItem","position":4,"name":"Der Plastiki von eco-warrrior David de Rothschild"}]},{"@type":"WebSite","@id":"https:\/\/www.amanprana.eu\/de\/#website","url":"https:\/\/www.amanprana.eu\/de\/","name":"Amanprana","description":"Serene levenskracht","publisher":{"@id":"https:\/\/www.amanprana.eu\/de\/#organization"},"potentialAction":[{"@type":"SearchAction","target":{"@type":"EntryPoint","urlTemplate":"https:\/\/www.amanprana.eu\/de\/?s={search_term_string}"},"query-input":{"@type":"PropertyValueSpecification","valueRequired":true,"valueName":"search_term_string"}}],"inLanguage":"de"},{"@type":"Organization","@id":"https:\/\/www.amanprana.eu\/de\/#organization","name":"Amanprana","url":"https:\/\/www.amanprana.eu\/de\/","logo":{"@type":"ImageObject","inLanguage":"de","@id":"https:\/\/www.amanprana.eu\/de\/#\/schema\/logo\/image\/","url":"https:\/\/www.amanprana.eu\/wp-content\/uploads\/webres-amanprana-logo.jpg","contentUrl":"https:\/\/www.amanprana.eu\/wp-content\/uploads\/webres-amanprana-logo.jpg","width":300,"height":300,"caption":"Amanprana"},"image":{"@id":"https:\/\/www.amanprana.eu\/de\/#\/schema\/logo\/image\/"},"sameAs":["https:\/\/www.facebook.com\/Amanpranaproducts\/","https:\/\/www.instagram.com\/amanprana\/","https:\/\/nl.pinterest.com\/amanprana\/pins\/"]}]}},"multi-rating":{"mr_rating_results":[]},"_links":{"self":[{"href":"https:\/\/www.amanprana.eu\/de\/wp-json\/wp\/v2\/red_de_zee\/44538","targetHints":{"allow":["GET"]}}],"collection":[{"href":"https:\/\/www.amanprana.eu\/de\/wp-json\/wp\/v2\/red_de_zee"}],"about":[{"href":"https:\/\/www.amanprana.eu\/de\/wp-json\/wp\/v2\/types\/red_de_zee"}],"version-history":[{"count":0,"href":"https:\/\/www.amanprana.eu\/de\/wp-json\/wp\/v2\/red_de_zee\/44538\/revisions"}],"wp:featuredmedia":[{"embeddable":true,"href":"https:\/\/www.amanprana.eu\/de\/wp-json\/wp\/v2\/media\/41456"}],"wp:attachment":[{"href":"https:\/\/www.amanprana.eu\/de\/wp-json\/wp\/v2\/media?parent=44538"}],"curies":[{"name":"wp","href":"https:\/\/api.w.org\/{rel}","templated":true}]}}

<p>Der Öko-Aktivist und extravagante Milliardär David de Rothschild hat die Absicht, mit seinem Plastiki, einem Katamaran aus 12.000 Plastikflaschen mit einer Länge von 20 Metern eine Weltreise von gut 11 000 nautischen Meilen zu machen. </p>
<p>Seiner Meinung nach gibt es 2 Arten Kunststoff. Es gibt die Einweg-Plastiktüte und Kunststoff, der recycelt werden kann. Plastiktüten sollten überall verboten werden, weil sie eine enorme Belastung für die Umwelt und Gesundheit sind. Ebenfalls sollten wir recyclingfähigen Kunststoff besser benutzen und wieder verwenden. Zum Beispiel Polyester für Segelboote durch recycelten Kunststoff ersetzen.</p>

<!-- This site is optimized with the Yoast SEO plugin v24.7 - https://yoast.com/wordpress/plugins/seo/ -->
<title>Der Plastiki von eco-warrrior David de Rothschild - Amanprana</title>
<meta name="description" content="Der Öko-Aktivist und extravagante Milliardär David de Rothschild hat die Absicht, mit seinem Plastiki, einem Katamaran aus 12.000 Plastikflaschen mit" />
<meta name="robots" content="index, follow, max-snippet:-1, max-image-preview:large, max-video-preview:-1" />
<link rel="canonical" href="https://www.amanprana.eu/de/rettet-das-meer/der-plastiki-von-eco-warrior-david-de-rothschild/" />
<meta property="og:locale" content="de_DE" />
<meta property="og:type" content="article" />
<meta property="og:title" content="Der Plastiki von eco-warrrior David de Rothschild - Amanprana" />
<meta property="og:description" content="Der Öko-Aktivist und extravagante Milliardär David de Rothschild hat die Absicht, mit seinem Plastiki, einem Katamaran aus 12.000 Plastikflaschen mit" />
<meta property="og:url" content="https://www.amanprana.eu/de/rettet-das-meer/der-plastiki-von-eco-warrior-david-de-rothschild/" />
<meta property="og:site_name" content="Amanprana" />
<meta property="article:publisher" content="https://www.facebook.com/Amanpranaproducts/" />
<meta property="og:image" content="https://www.amanprana.eu/wp-content/uploads/the_plastiki_expedition.jpg" />
	<meta property="og:image:width" content="600" />
	<meta property="og:image:height" content="336" />
	<meta property="og:image:type" content="image/jpeg" />
<meta name="twitter:card" content="summary_large_image" />
<script type="application/ld+json" class="yoast-schema-graph">{"@context":"https://schema.org","@graph":[{"@type":"WebPage","@id":"https://www.amanprana.eu/de/rettet-das-meer/der-plastiki-von-eco-warrior-david-de-rothschild/","url":"https://www.amanprana.eu/de/rettet-das-meer/der-plastiki-von-eco-warrior-david-de-rothschild/","name":"Der Plastiki von eco-warrrior David de Rothschild - Amanprana","isPartOf":{"@id":"https://www.amanprana.eu/de/#website"},"primaryImageOfPage":{"@id":"https://www.amanprana.eu/de/rettet-das-meer/der-plastiki-von-eco-warrior-david-de-rothschild/#primaryimage"},"image":{"@id":"https://www.amanprana.eu/de/rettet-das-meer/der-plastiki-von-eco-warrior-david-de-rothschild/#primaryimage"},"thumbnailUrl":"https://www.amanprana.eu/wp-content/uploads/the_plastiki_expedition.jpg","datePublished":"2019-01-30T09:38:19+00:00","description":"Der Öko-Aktivist und extravagante Milliardär David de Rothschild hat die Absicht, mit seinem Plastiki, einem Katamaran aus 12.000 Plastikflaschen mit","breadcrumb":{"@id":"https://www.amanprana.eu/de/rettet-das-meer/der-plastiki-von-eco-warrior-david-de-rothschild/#breadcrumb"},"inLanguage":"de","potentialAction":[{"@type":"ReadAction","target":["https://www.amanprana.eu/de/rettet-das-meer/der-plastiki-von-eco-warrior-david-de-rothschild/"]}]},{"@type":"ImageObject","inLanguage":"de","@id":"https://www.amanprana.eu/de/rettet-das-meer/der-plastiki-von-eco-warrior-david-de-rothschild/#primaryimage","url":"https://www.amanprana.eu/wp-content/uploads/the_plastiki_expedition.jpg","contentUrl":"https://www.amanprana.eu/wp-content/uploads/the_plastiki_expedition.jpg","width":600,"height":336},{"@type":"BreadcrumbList","@id":"https://www.amanprana.eu/de/rettet-das-meer/der-plastiki-von-eco-warrior-david-de-rothschild/#breadcrumb","itemListElement":[{"@type":"ListItem","position":1,"name":"Amanprana.eu","item":"https://www.amanprana.eu/de/"},{"@type":"ListItem","position":2,"name":"RDM - berichten","item":"https://www.amanprana.eu/de/rettet-das-meer/"},{"@type":"ListItem","position":3,"name":"Verschmutzung der Ozeane","item":"https://www.amanprana.eu/de/red_de_zee_categorieen/verschmutzung-der-ozeane/"},{"@type":"ListItem","position":4,"name":"Der Plastiki von eco-warrrior David de Rothschild"}]},{"@type":"WebSite","@id":"https://www.amanprana.eu/de/#website","url":"https://www.amanprana.eu/de/","name":"Amanprana","description":"Serene levenskracht","publisher":{"@id":"https://www.amanprana.eu/de/#organization"},"potentialAction":[{"@type":"SearchAction","target":{"@type":"EntryPoint","urlTemplate":"https://www.amanprana.eu/de/?s={search_term_string}"},"query-input":{"@type":"PropertyValueSpecification","valueRequired":true,"valueName":"search_term_string"}}],"inLanguage":"de"},{"@type":"Organization","@id":"https://www.amanprana.eu/de/#organization","name":"Amanprana","url":"https://www.amanprana.eu/de/","logo":{"@type":"ImageObject","inLanguage":"de","@id":"https://www.amanprana.eu/de/#/schema/logo/image/","url":"https://www.amanprana.eu/wp-content/uploads/webres-amanprana-logo.jpg","contentUrl":"https://www.amanprana.eu/wp-content/uploads/webres-amanprana-logo.jpg","width":300,"height":300,"caption":"Amanprana"},"image":{"@id":"https://www.amanprana.eu/de/#/schema/logo/image/"},"sameAs":["https://www.facebook.com/Amanpranaproducts/","https://www.instagram.com/amanprana/","https://nl.pinterest.com/amanprana/pins/"]}]}</script>
<!-- / Yoast SEO plugin. -->

Der Öko-Aktivist und extravagante Milliardär David de Rothschild hat die Absicht, mit seinem Plastiki, einem Katamaran aus 12.000 Plastikflaschen mit
