

{"id":42857,"date":"2019-01-03T14:28:53","date_gmt":"2019-01-03T13:28:53","guid":{"rendered":"https:\/\/www.amanprana.eu\/red_de_zee\/corail-vague-de-chaleur\/"},"modified":"2020-09-30T16:09:31","modified_gmt":"2020-09-30T14:09:31","slug":"corail-vague-de-chaleur","status":"publish","type":"red_de_zee","link":"https:\/\/www.amanprana.eu\/fr\/sauvez-la-mer\/corail-vague-de-chaleur\/","title":{"rendered":"Vague de chaleur dans l&rsquo;eau et ses cons\u00e9quences"},"content":{"rendered":"<div>\n<p>Saviez-vous qu\u2019une vague de chaleur peut se produire sous l\u2019eau\u00a0? Nous connaissons tous les p\u00e9riodes des canicules pendant lesquelles nous crevons de chaleur. Le monde sous-marin les conna\u00eet aussi. En ce moment-ci, une vague de chaleur persistante menace m\u00eame 12.000 m\u00e8tres carr\u00e9s de r\u00e9cifs coralliens.<\/p>\n<h2>Une vague de chaleur sous l\u2019eau, un ph\u00e9nom\u00e8ne fr\u00e9quent\u00a0?<\/h2>\n<p>Des vagues de chaleur sous-marines sont la cons\u00e9quence du r\u00e9chauffement climatique. La vague de chaleur actuelle existe depuis 2014. La vague de chaleur devrait persister jusqu\u2019\u00e0 l\u2019\u00e9t\u00e9 2016, au moins.<\/p>\n<h2>Le corail, crucial pour les \u00e9cosyst\u00e8mes, menac\u00e9 par le r\u00e9chauffement climatique<\/h2>\n<p>Les r\u00e9cifs coralliens sont cruciaux pour les \u00e9cosyst\u00e8mes sous-marins. Ils sont vitaux pour un quart, voire un tiers des animaux marins.<br \/>\nOutre l\u2019effet direct sur les coraux, l\u2019eau plus chaude a d\u2019autres cons\u00e9quences. Les grandes esp\u00e8ces de poissons n\u00e9cessitent plus d\u2019\u00e9nergie pour avancer dans l\u2019eau si celle-ci s\u2019\u00e9chauffe. D\u2019autre part, il y aura de moins en moins de nourriture pour ces poissons.<\/p>\n<p>http:\/\/www.pnas.org\/html\/early\/2015\/10\/06\/1510856112.abstract<\/p>\n<\/div>\n","protected":false},"featured_media":42849,"menu_order":109,"template":"","format":"standard","class_list":["post-42857","red_de_zee","type-red_de_zee","status-publish","format-standard","has-post-thumbnail","hentry"],"acf":[],"yoast_head":"<!-- This site is optimized with the Yoast SEO plugin v24.7 - https:\/\/yoast.com\/wordpress\/plugins\/seo\/ -->\n<title>Vague de chaleur dans l&#039;eau et ses cons\u00e9quences - Amanprana<\/title>\n<meta name=\"description\" content=\"Saviez-vous qu&#039;une vague de chaleur peut se d\u00e9velopper sous l&#039;eau? Nous connaissons tous les p\u00e9riodes chaudes et le monde sous-marin y est \u00e9galement li\u00e9.\" \/>\n<meta name=\"robots\" content=\"index, follow, max-snippet:-1, max-image-preview:large, max-video-preview:-1\" \/>\n<link rel=\"canonical\" href=\"https:\/\/www.amanprana.eu\/fr\/sauvez-la-mer\/corail-vague-de-chaleur\/\" \/>\n<meta property=\"og:locale\" content=\"fr_FR\" \/>\n<meta property=\"og:type\" content=\"article\" \/>\n<meta property=\"og:title\" content=\"Vague de chaleur dans l&#039;eau et ses cons\u00e9quences - Amanprana\" \/>\n<meta property=\"og:description\" content=\"Saviez-vous qu&#039;une vague de chaleur peut se d\u00e9velopper sous l&#039;eau? Nous connaissons tous les p\u00e9riodes chaudes et le monde sous-marin y est \u00e9galement li\u00e9.\" \/>\n<meta property=\"og:url\" content=\"https:\/\/www.amanprana.eu\/fr\/sauvez-la-mer\/corail-vague-de-chaleur\/\" \/>\n<meta property=\"og:site_name\" content=\"Amanprana\" \/>\n<meta property=\"article:publisher\" content=\"https:\/\/www.facebook.com\/Amanpranaproducts\/\" \/>\n<meta property=\"article:modified_time\" content=\"2020-09-30T14:09:31+00:00\" \/>\n<meta property=\"og:image\" content=\"https:\/\/www.amanprana.eu\/wp-content\/uploads\/Koraalrif-het-Great-Barrier-Reef-in-Australie.jpg\" \/>\n\t<meta property=\"og:image:width\" content=\"1420\" \/>\n\t<meta property=\"og:image:height\" content=\"618\" \/>\n\t<meta property=\"og:image:type\" content=\"image\/jpeg\" \/>\n<meta name=\"twitter:card\" content=\"summary_large_image\" \/>\n<meta name=\"twitter:label1\" content=\"Dur\u00e9e de lecture estim\u00e9e\" \/>\n\t<meta name=\"twitter:data1\" content=\"1 minute\" \/>\n<script type=\"application\/ld+json\" class=\"yoast-schema-graph\">{\"@context\":\"https:\/\/schema.org\",\"@graph\":[{\"@type\":\"WebPage\",\"@id\":\"https:\/\/www.amanprana.eu\/fr\/sauvez-la-mer\/corail-vague-de-chaleur\/\",\"url\":\"https:\/\/www.amanprana.eu\/fr\/sauvez-la-mer\/corail-vague-de-chaleur\/\",\"name\":\"Vague de chaleur dans l'eau et ses cons\u00e9quences - Amanprana\",\"isPartOf\":{\"@id\":\"https:\/\/www.amanprana.eu\/fr\/#website\"},\"primaryImageOfPage\":{\"@id\":\"https:\/\/www.amanprana.eu\/fr\/sauvez-la-mer\/corail-vague-de-chaleur\/#primaryimage\"},\"image\":{\"@id\":\"https:\/\/www.amanprana.eu\/fr\/sauvez-la-mer\/corail-vague-de-chaleur\/#primaryimage\"},\"thumbnailUrl\":\"https:\/\/www.amanprana.eu\/wp-content\/uploads\/Koraalrif-het-Great-Barrier-Reef-in-Australie.jpg\",\"datePublished\":\"2019-01-03T13:28:53+00:00\",\"dateModified\":\"2020-09-30T14:09:31+00:00\",\"description\":\"Saviez-vous qu'une vague de chaleur peut se d\u00e9velopper sous l'eau? Nous connaissons tous les p\u00e9riodes chaudes et le monde sous-marin y est \u00e9galement li\u00e9.\",\"breadcrumb\":{\"@id\":\"https:\/\/www.amanprana.eu\/fr\/sauvez-la-mer\/corail-vague-de-chaleur\/#breadcrumb\"},\"inLanguage\":\"fr-FR\",\"potentialAction\":[{\"@type\":\"ReadAction\",\"target\":[\"https:\/\/www.amanprana.eu\/fr\/sauvez-la-mer\/corail-vague-de-chaleur\/\"]}]},{\"@type\":\"ImageObject\",\"inLanguage\":\"fr-FR\",\"@id\":\"https:\/\/www.amanprana.eu\/fr\/sauvez-la-mer\/corail-vague-de-chaleur\/#primaryimage\",\"url\":\"https:\/\/www.amanprana.eu\/wp-content\/uploads\/Koraalrif-het-Great-Barrier-Reef-in-Australie.jpg\",\"contentUrl\":\"https:\/\/www.amanprana.eu\/wp-content\/uploads\/Koraalrif-het-Great-Barrier-Reef-in-Australie.jpg\",\"width\":1420,\"height\":618,\"caption\":\"la grande barri\u00e8re de corail en Australie\"},{\"@type\":\"BreadcrumbList\",\"@id\":\"https:\/\/www.amanprana.eu\/fr\/sauvez-la-mer\/corail-vague-de-chaleur\/#breadcrumb\",\"itemListElement\":[{\"@type\":\"ListItem\",\"position\":1,\"name\":\"Amanprana.eu\",\"item\":\"https:\/\/www.amanprana.eu\/fr\/\"},{\"@type\":\"ListItem\",\"position\":2,\"name\":\"SLM - articles\",\"item\":\"https:\/\/www.amanprana.eu\/fr\/sauvez-la-mer\/\"},{\"@type\":\"ListItem\",\"position\":3,\"name\":\"Vague de chaleur dans l&rsquo;eau et ses cons\u00e9quences\"}]},{\"@type\":\"WebSite\",\"@id\":\"https:\/\/www.amanprana.eu\/fr\/#website\",\"url\":\"https:\/\/www.amanprana.eu\/fr\/\",\"name\":\"Amanprana\",\"description\":\"Serene levenskracht\",\"publisher\":{\"@id\":\"https:\/\/www.amanprana.eu\/fr\/#organization\"},\"potentialAction\":[{\"@type\":\"SearchAction\",\"target\":{\"@type\":\"EntryPoint\",\"urlTemplate\":\"https:\/\/www.amanprana.eu\/fr\/?s={search_term_string}\"},\"query-input\":{\"@type\":\"PropertyValueSpecification\",\"valueRequired\":true,\"valueName\":\"search_term_string\"}}],\"inLanguage\":\"fr-FR\"},{\"@type\":\"Organization\",\"@id\":\"https:\/\/www.amanprana.eu\/fr\/#organization\",\"name\":\"Amanprana\",\"url\":\"https:\/\/www.amanprana.eu\/fr\/\",\"logo\":{\"@type\":\"ImageObject\",\"inLanguage\":\"fr-FR\",\"@id\":\"https:\/\/www.amanprana.eu\/fr\/#\/schema\/logo\/image\/\",\"url\":\"https:\/\/www.amanprana.eu\/wp-content\/uploads\/webres-amanprana-logo.jpg\",\"contentUrl\":\"https:\/\/www.amanprana.eu\/wp-content\/uploads\/webres-amanprana-logo.jpg\",\"width\":300,\"height\":300,\"caption\":\"Amanprana\"},\"image\":{\"@id\":\"https:\/\/www.amanprana.eu\/fr\/#\/schema\/logo\/image\/\"},\"sameAs\":[\"https:\/\/www.facebook.com\/Amanpranaproducts\/\",\"https:\/\/www.instagram.com\/amanprana\/\",\"https:\/\/nl.pinterest.com\/amanprana\/pins\/\"]}]}<\/script>\n<!-- \/ Yoast SEO plugin. -->","yoast_head_json":{"title":"Vague de chaleur dans l'eau et ses cons\u00e9quences - Amanprana","description":"Saviez-vous qu'une vague de chaleur peut se d\u00e9velopper sous l'eau? Nous connaissons tous les p\u00e9riodes chaudes et le monde sous-marin y est \u00e9galement li\u00e9.","robots":{"index":"index","follow":"follow","max-snippet":"max-snippet:-1","max-image-preview":"max-image-preview:large","max-video-preview":"max-video-preview:-1"},"canonical":"https:\/\/www.amanprana.eu\/fr\/sauvez-la-mer\/corail-vague-de-chaleur\/","og_locale":"fr_FR","og_type":"article","og_title":"Vague de chaleur dans l'eau et ses cons\u00e9quences - Amanprana","og_description":"Saviez-vous qu'une vague de chaleur peut se d\u00e9velopper sous l'eau? Nous connaissons tous les p\u00e9riodes chaudes et le monde sous-marin y est \u00e9galement li\u00e9.","og_url":"https:\/\/www.amanprana.eu\/fr\/sauvez-la-mer\/corail-vague-de-chaleur\/","og_site_name":"Amanprana","article_publisher":"https:\/\/www.facebook.com\/Amanpranaproducts\/","article_modified_time":"2020-09-30T14:09:31+00:00","og_image":[{"width":1420,"height":618,"url":"https:\/\/www.amanprana.eu\/wp-content\/uploads\/Koraalrif-het-Great-Barrier-Reef-in-Australie.jpg","type":"image\/jpeg"}],"twitter_card":"summary_large_image","twitter_misc":{"Dur\u00e9e de lecture estim\u00e9e":"1 minute"},"schema":{"@context":"https:\/\/schema.org","@graph":[{"@type":"WebPage","@id":"https:\/\/www.amanprana.eu\/fr\/sauvez-la-mer\/corail-vague-de-chaleur\/","url":"https:\/\/www.amanprana.eu\/fr\/sauvez-la-mer\/corail-vague-de-chaleur\/","name":"Vague de chaleur dans l'eau et ses cons\u00e9quences - Amanprana","isPartOf":{"@id":"https:\/\/www.amanprana.eu\/fr\/#website"},"primaryImageOfPage":{"@id":"https:\/\/www.amanprana.eu\/fr\/sauvez-la-mer\/corail-vague-de-chaleur\/#primaryimage"},"image":{"@id":"https:\/\/www.amanprana.eu\/fr\/sauvez-la-mer\/corail-vague-de-chaleur\/#primaryimage"},"thumbnailUrl":"https:\/\/www.amanprana.eu\/wp-content\/uploads\/Koraalrif-het-Great-Barrier-Reef-in-Australie.jpg","datePublished":"2019-01-03T13:28:53+00:00","dateModified":"2020-09-30T14:09:31+00:00","description":"Saviez-vous qu'une vague de chaleur peut se d\u00e9velopper sous l'eau? Nous connaissons tous les p\u00e9riodes chaudes et le monde sous-marin y est \u00e9galement li\u00e9.","breadcrumb":{"@id":"https:\/\/www.amanprana.eu\/fr\/sauvez-la-mer\/corail-vague-de-chaleur\/#breadcrumb"},"inLanguage":"fr-FR","potentialAction":[{"@type":"ReadAction","target":["https:\/\/www.amanprana.eu\/fr\/sauvez-la-mer\/corail-vague-de-chaleur\/"]}]},{"@type":"ImageObject","inLanguage":"fr-FR","@id":"https:\/\/www.amanprana.eu\/fr\/sauvez-la-mer\/corail-vague-de-chaleur\/#primaryimage","url":"https:\/\/www.amanprana.eu\/wp-content\/uploads\/Koraalrif-het-Great-Barrier-Reef-in-Australie.jpg","contentUrl":"https:\/\/www.amanprana.eu\/wp-content\/uploads\/Koraalrif-het-Great-Barrier-Reef-in-Australie.jpg","width":1420,"height":618,"caption":"la grande barri\u00e8re de corail en Australie"},{"@type":"BreadcrumbList","@id":"https:\/\/www.amanprana.eu\/fr\/sauvez-la-mer\/corail-vague-de-chaleur\/#breadcrumb","itemListElement":[{"@type":"ListItem","position":1,"name":"Amanprana.eu","item":"https:\/\/www.amanprana.eu\/fr\/"},{"@type":"ListItem","position":2,"name":"SLM - articles","item":"https:\/\/www.amanprana.eu\/fr\/sauvez-la-mer\/"},{"@type":"ListItem","position":3,"name":"Vague de chaleur dans l&rsquo;eau et ses cons\u00e9quences"}]},{"@type":"WebSite","@id":"https:\/\/www.amanprana.eu\/fr\/#website","url":"https:\/\/www.amanprana.eu\/fr\/","name":"Amanprana","description":"Serene levenskracht","publisher":{"@id":"https:\/\/www.amanprana.eu\/fr\/#organization"},"potentialAction":[{"@type":"SearchAction","target":{"@type":"EntryPoint","urlTemplate":"https:\/\/www.amanprana.eu\/fr\/?s={search_term_string}"},"query-input":{"@type":"PropertyValueSpecification","valueRequired":true,"valueName":"search_term_string"}}],"inLanguage":"fr-FR"},{"@type":"Organization","@id":"https:\/\/www.amanprana.eu\/fr\/#organization","name":"Amanprana","url":"https:\/\/www.amanprana.eu\/fr\/","logo":{"@type":"ImageObject","inLanguage":"fr-FR","@id":"https:\/\/www.amanprana.eu\/fr\/#\/schema\/logo\/image\/","url":"https:\/\/www.amanprana.eu\/wp-content\/uploads\/webres-amanprana-logo.jpg","contentUrl":"https:\/\/www.amanprana.eu\/wp-content\/uploads\/webres-amanprana-logo.jpg","width":300,"height":300,"caption":"Amanprana"},"image":{"@id":"https:\/\/www.amanprana.eu\/fr\/#\/schema\/logo\/image\/"},"sameAs":["https:\/\/www.facebook.com\/Amanpranaproducts\/","https:\/\/www.instagram.com\/amanprana\/","https:\/\/nl.pinterest.com\/amanprana\/pins\/"]}]}},"multi-rating":{"mr_rating_results":[]},"_links":{"self":[{"href":"https:\/\/www.amanprana.eu\/fr\/wp-json\/wp\/v2\/red_de_zee\/42857","targetHints":{"allow":["GET"]}}],"collection":[{"href":"https:\/\/www.amanprana.eu\/fr\/wp-json\/wp\/v2\/red_de_zee"}],"about":[{"href":"https:\/\/www.amanprana.eu\/fr\/wp-json\/wp\/v2\/types\/red_de_zee"}],"version-history":[{"count":1,"href":"https:\/\/www.amanprana.eu\/fr\/wp-json\/wp\/v2\/red_de_zee\/42857\/revisions"}],"predecessor-version":[{"id":58546,"href":"https:\/\/www.amanprana.eu\/fr\/wp-json\/wp\/v2\/red_de_zee\/42857\/revisions\/58546"}],"wp:featuredmedia":[{"embeddable":true,"href":"https:\/\/www.amanprana.eu\/fr\/wp-json\/wp\/v2\/media\/42849"}],"wp:attachment":[{"href":"https:\/\/www.amanprana.eu\/fr\/wp-json\/wp\/v2\/media?parent=42857"}],"curies":[{"name":"wp","href":"https:\/\/api.w.org\/{rel}","templated":true}]}}

Vague de chaleur dans l&rsquo;eau et ses conséquences

<div>
<p>Saviez-vous qu’une vague de chaleur peut se produire sous l’eau ? Nous connaissons tous les périodes des canicules pendant lesquelles nous crevons de chaleur. Le monde sous-marin les connaît aussi. En ce moment-ci, une vague de chaleur persistante menace même 12.000 mètres carrés de récifs coralliens.</p>
<h2>Une vague de chaleur sous l’eau, un phénomène fréquent ?</h2>
<p>Des vagues de chaleur sous-marines sont la conséquence du réchauffement climatique. La vague de chaleur actuelle existe depuis 2014. La vague de chaleur devrait persister jusqu’à l’été 2016, au moins.</p>
<h2>Le corail, crucial pour les écosystèmes, menacé par le réchauffement climatique</h2>
<p>Les récifs coralliens sont cruciaux pour les écosystèmes sous-marins. Ils sont vitaux pour un quart, voire un tiers des animaux marins.<br />
Outre l’effet direct sur les coraux, l’eau plus chaude a d’autres conséquences. Les grandes espèces de poissons nécessitent plus d’énergie pour avancer dans l’eau si celle-ci s’échauffe. D’autre part, il y aura de moins en moins de nourriture pour ces poissons.</p>
<p>http://www.pnas.org/html/early/2015/10/06/1510856112.abstract</p>
</div>

<!-- This site is optimized with the Yoast SEO plugin v24.7 - https://yoast.com/wordpress/plugins/seo/ -->
<title>Vague de chaleur dans l&#039;eau et ses conséquences - Amanprana</title>
<meta name="description" content="Saviez-vous qu&#039;une vague de chaleur peut se développer sous l&#039;eau? Nous connaissons tous les périodes chaudes et le monde sous-marin y est également lié." />
<meta name="robots" content="index, follow, max-snippet:-1, max-image-preview:large, max-video-preview:-1" />
<link rel="canonical" href="https://www.amanprana.eu/fr/sauvez-la-mer/corail-vague-de-chaleur/" />
<meta property="og:locale" content="fr_FR" />
<meta property="og:type" content="article" />
<meta property="og:title" content="Vague de chaleur dans l&#039;eau et ses conséquences - Amanprana" />
<meta property="og:description" content="Saviez-vous qu&#039;une vague de chaleur peut se développer sous l&#039;eau? Nous connaissons tous les périodes chaudes et le monde sous-marin y est également lié." />
<meta property="og:url" content="https://www.amanprana.eu/fr/sauvez-la-mer/corail-vague-de-chaleur/" />
<meta property="og:site_name" content="Amanprana" />
<meta property="article:publisher" content="https://www.facebook.com/Amanpranaproducts/" />
<meta property="article:modified_time" content="2020-09-30T14:09:31+00:00" />
<meta property="og:image" content="https://www.amanprana.eu/wp-content/uploads/Koraalrif-het-Great-Barrier-Reef-in-Australie.jpg" />
	<meta property="og:image:width" content="1420" />
	<meta property="og:image:height" content="618" />
	<meta property="og:image:type" content="image/jpeg" />
<meta name="twitter:card" content="summary_large_image" />
<meta name="twitter:label1" content="Durée de lecture estimée" />
	<meta name="twitter:data1" content="1 minute" />
<script type="application/ld+json" class="yoast-schema-graph">{"@context":"https://schema.org","@graph":[{"@type":"WebPage","@id":"https://www.amanprana.eu/fr/sauvez-la-mer/corail-vague-de-chaleur/","url":"https://www.amanprana.eu/fr/sauvez-la-mer/corail-vague-de-chaleur/","name":"Vague de chaleur dans l'eau et ses conséquences - Amanprana","isPartOf":{"@id":"https://www.amanprana.eu/fr/#website"},"primaryImageOfPage":{"@id":"https://www.amanprana.eu/fr/sauvez-la-mer/corail-vague-de-chaleur/#primaryimage"},"image":{"@id":"https://www.amanprana.eu/fr/sauvez-la-mer/corail-vague-de-chaleur/#primaryimage"},"thumbnailUrl":"https://www.amanprana.eu/wp-content/uploads/Koraalrif-het-Great-Barrier-Reef-in-Australie.jpg","datePublished":"2019-01-03T13:28:53+00:00","dateModified":"2020-09-30T14:09:31+00:00","description":"Saviez-vous qu'une vague de chaleur peut se développer sous l'eau? Nous connaissons tous les périodes chaudes et le monde sous-marin y est également lié.","breadcrumb":{"@id":"https://www.amanprana.eu/fr/sauvez-la-mer/corail-vague-de-chaleur/#breadcrumb"},"inLanguage":"fr-FR","potentialAction":[{"@type":"ReadAction","target":["https://www.amanprana.eu/fr/sauvez-la-mer/corail-vague-de-chaleur/"]}]},{"@type":"ImageObject","inLanguage":"fr-FR","@id":"https://www.amanprana.eu/fr/sauvez-la-mer/corail-vague-de-chaleur/#primaryimage","url":"https://www.amanprana.eu/wp-content/uploads/Koraalrif-het-Great-Barrier-Reef-in-Australie.jpg","contentUrl":"https://www.amanprana.eu/wp-content/uploads/Koraalrif-het-Great-Barrier-Reef-in-Australie.jpg","width":1420,"height":618,"caption":"la grande barrière de corail en Australie"},{"@type":"BreadcrumbList","@id":"https://www.amanprana.eu/fr/sauvez-la-mer/corail-vague-de-chaleur/#breadcrumb","itemListElement":[{"@type":"ListItem","position":1,"name":"Amanprana.eu","item":"https://www.amanprana.eu/fr/"},{"@type":"ListItem","position":2,"name":"SLM - articles","item":"https://www.amanprana.eu/fr/sauvez-la-mer/"},{"@type":"ListItem","position":3,"name":"Vague de chaleur dans l&rsquo;eau et ses conséquences"}]},{"@type":"WebSite","@id":"https://www.amanprana.eu/fr/#website","url":"https://www.amanprana.eu/fr/","name":"Amanprana","description":"Serene levenskracht","publisher":{"@id":"https://www.amanprana.eu/fr/#organization"},"potentialAction":[{"@type":"SearchAction","target":{"@type":"EntryPoint","urlTemplate":"https://www.amanprana.eu/fr/?s={search_term_string}"},"query-input":{"@type":"PropertyValueSpecification","valueRequired":true,"valueName":"search_term_string"}}],"inLanguage":"fr-FR"},{"@type":"Organization","@id":"https://www.amanprana.eu/fr/#organization","name":"Amanprana","url":"https://www.amanprana.eu/fr/","logo":{"@type":"ImageObject","inLanguage":"fr-FR","@id":"https://www.amanprana.eu/fr/#/schema/logo/image/","url":"https://www.amanprana.eu/wp-content/uploads/webres-amanprana-logo.jpg","contentUrl":"https://www.amanprana.eu/wp-content/uploads/webres-amanprana-logo.jpg","width":300,"height":300,"caption":"Amanprana"},"image":{"@id":"https://www.amanprana.eu/fr/#/schema/logo/image/"},"sameAs":["https://www.facebook.com/Amanpranaproducts/","https://www.instagram.com/amanprana/","https://nl.pinterest.com/amanprana/pins/"]}]}</script>
<!-- / Yoast SEO plugin. -->

Vague de chaleur dans l'eau et ses conséquences - Amanprana

Saviez-vous qu'une vague de chaleur peut se développer sous l'eau? Nous connaissons tous les périodes chaudes et le monde sous-marin y est également lié.

la grande barrière de corail en Australie
