

{"id":42872,"date":"2019-01-03T14:37:06","date_gmt":"2019-01-03T13:37:06","guid":{"rendered":"https:\/\/www.amanprana.eu\/red_de_zee\/message-des-vagues-par-morgan-hoestery\/"},"modified":"2019-01-03T14:37:06","modified_gmt":"2019-01-03T13:37:06","slug":"message-des-vagues-par-morgan-hoestery","status":"publish","type":"red_de_zee","link":"https:\/\/www.amanprana.eu\/fr\/sauvez-la-mer\/message-des-vagues-par-morgan-hoestery\/","title":{"rendered":"Message des vagues, par Morgan Hoestery"},"content":{"rendered":"<p>Les g\u00e9n\u00e9rations \u00e0 venir h\u00e9riteront de notre \u00ab\u00a0empreinte ind\u00e9l\u00e9bile\u00a0\u00bb : une montagne de d\u00e9chets produite par la consommation de masse de mat\u00e9riaux non naturels, comme le plastique sous toutes ses formes. Nous devons imp\u00e9rativement cesser d&rsquo;utiliser \u00e0 tout bout de champ du plastique jetable. 80 % de toutes les mati\u00e8res plastiques pr\u00e9sentes dans les oc\u00e9ans y auraient \u00e9t\u00e9 d\u00e9pos\u00e9es par les vents ou transport\u00e9es par les pluies et les fleuves. 90 % des d\u00e9chets qui polluent les oc\u00e9ans sont faits de plastique. En 2006, l&rsquo;ENEP a estim\u00e9 que chaque kilom\u00e8tre carr\u00e9 d&rsquo;oc\u00e9an comptait 18 000 particules de plastique flottant en surface. H\u00e9las, il y en a sans doute encore bien davantage aujourd&rsquo;hui.<\/p>\n<div class=\"fullwidth\">\n<div class=\"x-resp-embed x-is-video x-is-youtube\"><iframe width=\"862\" height=\"485\" src=\"https:\/\/www.youtube.com\/embed\/iVjue0R5tHQ?feature=oembed\" frameborder=\"0\" allow=\"accelerometer; autoplay; encrypted-media; gyroscope; picture-in-picture\" allowfullscreen><\/iframe><\/div>\n<\/div>\n","protected":false},"featured_media":42864,"menu_order":106,"template":"","format":"standard","class_list":["post-42872","red_de_zee","type-red_de_zee","status-publish","format-standard","has-post-thumbnail","hentry","red_de_zee_categorieen-pollution-des-oceans"],"acf":[],"yoast_head":"<!-- This site is optimized with the Yoast SEO plugin v24.7 - https:\/\/yoast.com\/wordpress\/plugins\/seo\/ -->\n<title>Message des vagues, par Morgan Hoestery - Amanprana<\/title>\n<meta name=\"description\" content=\"Les g\u00e9n\u00e9rations \u00e0 venir h\u00e9riteront de notre &quot;empreinte ind\u00e9l\u00e9bile&quot; : une montagne de d\u00e9chets produite par la consommation de masse de mat\u00e9riaux non\" \/>\n<meta name=\"robots\" content=\"index, follow, max-snippet:-1, max-image-preview:large, max-video-preview:-1\" \/>\n<link rel=\"canonical\" href=\"https:\/\/www.amanprana.eu\/fr\/sauvez-la-mer\/message-des-vagues-par-morgan-hoestery\/\" \/>\n<meta property=\"og:locale\" content=\"fr_FR\" \/>\n<meta property=\"og:type\" content=\"article\" \/>\n<meta property=\"og:title\" content=\"Message des vagues, par Morgan Hoestery - Amanprana\" \/>\n<meta property=\"og:description\" content=\"Les g\u00e9n\u00e9rations \u00e0 venir h\u00e9riteront de notre &quot;empreinte ind\u00e9l\u00e9bile&quot; : une montagne de d\u00e9chets produite par la consommation de masse de mat\u00e9riaux non\" \/>\n<meta property=\"og:url\" content=\"https:\/\/www.amanprana.eu\/fr\/sauvez-la-mer\/message-des-vagues-par-morgan-hoestery\/\" \/>\n<meta property=\"og:site_name\" content=\"Amanprana\" \/>\n<meta property=\"article:publisher\" content=\"https:\/\/www.facebook.com\/Amanpranaproducts\/\" \/>\n<meta property=\"og:image\" content=\"https:\/\/www.amanprana.eu\/wp-content\/uploads\/Botschaft_der_Meereswellen_von_Morgan_Hoestery.jpg\" \/>\n\t<meta property=\"og:image:width\" content=\"600\" \/>\n\t<meta property=\"og:image:height\" content=\"336\" \/>\n\t<meta property=\"og:image:type\" content=\"image\/jpeg\" \/>\n<meta name=\"twitter:card\" content=\"summary_large_image\" \/>\n<meta name=\"twitter:label1\" content=\"Dur\u00e9e de lecture estim\u00e9e\" \/>\n\t<meta name=\"twitter:data1\" content=\"1 minute\" \/>\n<script type=\"application\/ld+json\" class=\"yoast-schema-graph\">{\"@context\":\"https:\/\/schema.org\",\"@graph\":[{\"@type\":\"WebPage\",\"@id\":\"https:\/\/www.amanprana.eu\/fr\/sauvez-la-mer\/message-des-vagues-par-morgan-hoestery\/\",\"url\":\"https:\/\/www.amanprana.eu\/fr\/sauvez-la-mer\/message-des-vagues-par-morgan-hoestery\/\",\"name\":\"Message des vagues, par Morgan Hoestery - Amanprana\",\"isPartOf\":{\"@id\":\"https:\/\/www.amanprana.eu\/fr\/#website\"},\"primaryImageOfPage\":{\"@id\":\"https:\/\/www.amanprana.eu\/fr\/sauvez-la-mer\/message-des-vagues-par-morgan-hoestery\/#primaryimage\"},\"image\":{\"@id\":\"https:\/\/www.amanprana.eu\/fr\/sauvez-la-mer\/message-des-vagues-par-morgan-hoestery\/#primaryimage\"},\"thumbnailUrl\":\"https:\/\/www.amanprana.eu\/wp-content\/uploads\/Botschaft_der_Meereswellen_von_Morgan_Hoestery.jpg\",\"datePublished\":\"2019-01-03T13:37:06+00:00\",\"description\":\"Les g\u00e9n\u00e9rations \u00e0 venir h\u00e9riteront de notre \\\"empreinte ind\u00e9l\u00e9bile\\\" : une montagne de d\u00e9chets produite par la consommation de masse de mat\u00e9riaux non\",\"breadcrumb\":{\"@id\":\"https:\/\/www.amanprana.eu\/fr\/sauvez-la-mer\/message-des-vagues-par-morgan-hoestery\/#breadcrumb\"},\"inLanguage\":\"fr-FR\",\"potentialAction\":[{\"@type\":\"ReadAction\",\"target\":[\"https:\/\/www.amanprana.eu\/fr\/sauvez-la-mer\/message-des-vagues-par-morgan-hoestery\/\"]}]},{\"@type\":\"ImageObject\",\"inLanguage\":\"fr-FR\",\"@id\":\"https:\/\/www.amanprana.eu\/fr\/sauvez-la-mer\/message-des-vagues-par-morgan-hoestery\/#primaryimage\",\"url\":\"https:\/\/www.amanprana.eu\/wp-content\/uploads\/Botschaft_der_Meereswellen_von_Morgan_Hoestery.jpg\",\"contentUrl\":\"https:\/\/www.amanprana.eu\/wp-content\/uploads\/Botschaft_der_Meereswellen_von_Morgan_Hoestery.jpg\",\"width\":600,\"height\":336},{\"@type\":\"BreadcrumbList\",\"@id\":\"https:\/\/www.amanprana.eu\/fr\/sauvez-la-mer\/message-des-vagues-par-morgan-hoestery\/#breadcrumb\",\"itemListElement\":[{\"@type\":\"ListItem\",\"position\":1,\"name\":\"Amanprana.eu\",\"item\":\"https:\/\/www.amanprana.eu\/fr\/\"},{\"@type\":\"ListItem\",\"position\":2,\"name\":\"SLM - articles\",\"item\":\"https:\/\/www.amanprana.eu\/fr\/sauvez-la-mer\/\"},{\"@type\":\"ListItem\",\"position\":3,\"name\":\"Pollution des oc\u00e9ans\",\"item\":\"https:\/\/www.amanprana.eu\/fr\/red_de_zee_categorieen\/pollution-des-oceans\/\"},{\"@type\":\"ListItem\",\"position\":4,\"name\":\"Message des vagues, par Morgan Hoestery\"}]},{\"@type\":\"WebSite\",\"@id\":\"https:\/\/www.amanprana.eu\/fr\/#website\",\"url\":\"https:\/\/www.amanprana.eu\/fr\/\",\"name\":\"Amanprana\",\"description\":\"Serene levenskracht\",\"publisher\":{\"@id\":\"https:\/\/www.amanprana.eu\/fr\/#organization\"},\"potentialAction\":[{\"@type\":\"SearchAction\",\"target\":{\"@type\":\"EntryPoint\",\"urlTemplate\":\"https:\/\/www.amanprana.eu\/fr\/?s={search_term_string}\"},\"query-input\":{\"@type\":\"PropertyValueSpecification\",\"valueRequired\":true,\"valueName\":\"search_term_string\"}}],\"inLanguage\":\"fr-FR\"},{\"@type\":\"Organization\",\"@id\":\"https:\/\/www.amanprana.eu\/fr\/#organization\",\"name\":\"Amanprana\",\"url\":\"https:\/\/www.amanprana.eu\/fr\/\",\"logo\":{\"@type\":\"ImageObject\",\"inLanguage\":\"fr-FR\",\"@id\":\"https:\/\/www.amanprana.eu\/fr\/#\/schema\/logo\/image\/\",\"url\":\"https:\/\/www.amanprana.eu\/wp-content\/uploads\/webres-amanprana-logo.jpg\",\"contentUrl\":\"https:\/\/www.amanprana.eu\/wp-content\/uploads\/webres-amanprana-logo.jpg\",\"width\":300,\"height\":300,\"caption\":\"Amanprana\"},\"image\":{\"@id\":\"https:\/\/www.amanprana.eu\/fr\/#\/schema\/logo\/image\/\"},\"sameAs\":[\"https:\/\/www.facebook.com\/Amanpranaproducts\/\",\"https:\/\/www.instagram.com\/amanprana\/\",\"https:\/\/nl.pinterest.com\/amanprana\/pins\/\"]}]}<\/script>\n<!-- \/ Yoast SEO plugin. -->","yoast_head_json":{"title":"Message des vagues, par Morgan Hoestery - Amanprana","description":"Les g\u00e9n\u00e9rations \u00e0 venir h\u00e9riteront de notre \"empreinte ind\u00e9l\u00e9bile\" : une montagne de d\u00e9chets produite par la consommation de masse de mat\u00e9riaux non","robots":{"index":"index","follow":"follow","max-snippet":"max-snippet:-1","max-image-preview":"max-image-preview:large","max-video-preview":"max-video-preview:-1"},"canonical":"https:\/\/www.amanprana.eu\/fr\/sauvez-la-mer\/message-des-vagues-par-morgan-hoestery\/","og_locale":"fr_FR","og_type":"article","og_title":"Message des vagues, par Morgan Hoestery - Amanprana","og_description":"Les g\u00e9n\u00e9rations \u00e0 venir h\u00e9riteront de notre \"empreinte ind\u00e9l\u00e9bile\" : une montagne de d\u00e9chets produite par la consommation de masse de mat\u00e9riaux non","og_url":"https:\/\/www.amanprana.eu\/fr\/sauvez-la-mer\/message-des-vagues-par-morgan-hoestery\/","og_site_name":"Amanprana","article_publisher":"https:\/\/www.facebook.com\/Amanpranaproducts\/","og_image":[{"width":600,"height":336,"url":"https:\/\/www.amanprana.eu\/wp-content\/uploads\/Botschaft_der_Meereswellen_von_Morgan_Hoestery.jpg","type":"image\/jpeg"}],"twitter_card":"summary_large_image","twitter_misc":{"Dur\u00e9e de lecture estim\u00e9e":"1 minute"},"schema":{"@context":"https:\/\/schema.org","@graph":[{"@type":"WebPage","@id":"https:\/\/www.amanprana.eu\/fr\/sauvez-la-mer\/message-des-vagues-par-morgan-hoestery\/","url":"https:\/\/www.amanprana.eu\/fr\/sauvez-la-mer\/message-des-vagues-par-morgan-hoestery\/","name":"Message des vagues, par Morgan Hoestery - Amanprana","isPartOf":{"@id":"https:\/\/www.amanprana.eu\/fr\/#website"},"primaryImageOfPage":{"@id":"https:\/\/www.amanprana.eu\/fr\/sauvez-la-mer\/message-des-vagues-par-morgan-hoestery\/#primaryimage"},"image":{"@id":"https:\/\/www.amanprana.eu\/fr\/sauvez-la-mer\/message-des-vagues-par-morgan-hoestery\/#primaryimage"},"thumbnailUrl":"https:\/\/www.amanprana.eu\/wp-content\/uploads\/Botschaft_der_Meereswellen_von_Morgan_Hoestery.jpg","datePublished":"2019-01-03T13:37:06+00:00","description":"Les g\u00e9n\u00e9rations \u00e0 venir h\u00e9riteront de notre \"empreinte ind\u00e9l\u00e9bile\" : une montagne de d\u00e9chets produite par la consommation de masse de mat\u00e9riaux non","breadcrumb":{"@id":"https:\/\/www.amanprana.eu\/fr\/sauvez-la-mer\/message-des-vagues-par-morgan-hoestery\/#breadcrumb"},"inLanguage":"fr-FR","potentialAction":[{"@type":"ReadAction","target":["https:\/\/www.amanprana.eu\/fr\/sauvez-la-mer\/message-des-vagues-par-morgan-hoestery\/"]}]},{"@type":"ImageObject","inLanguage":"fr-FR","@id":"https:\/\/www.amanprana.eu\/fr\/sauvez-la-mer\/message-des-vagues-par-morgan-hoestery\/#primaryimage","url":"https:\/\/www.amanprana.eu\/wp-content\/uploads\/Botschaft_der_Meereswellen_von_Morgan_Hoestery.jpg","contentUrl":"https:\/\/www.amanprana.eu\/wp-content\/uploads\/Botschaft_der_Meereswellen_von_Morgan_Hoestery.jpg","width":600,"height":336},{"@type":"BreadcrumbList","@id":"https:\/\/www.amanprana.eu\/fr\/sauvez-la-mer\/message-des-vagues-par-morgan-hoestery\/#breadcrumb","itemListElement":[{"@type":"ListItem","position":1,"name":"Amanprana.eu","item":"https:\/\/www.amanprana.eu\/fr\/"},{"@type":"ListItem","position":2,"name":"SLM - articles","item":"https:\/\/www.amanprana.eu\/fr\/sauvez-la-mer\/"},{"@type":"ListItem","position":3,"name":"Pollution des oc\u00e9ans","item":"https:\/\/www.amanprana.eu\/fr\/red_de_zee_categorieen\/pollution-des-oceans\/"},{"@type":"ListItem","position":4,"name":"Message des vagues, par Morgan Hoestery"}]},{"@type":"WebSite","@id":"https:\/\/www.amanprana.eu\/fr\/#website","url":"https:\/\/www.amanprana.eu\/fr\/","name":"Amanprana","description":"Serene levenskracht","publisher":{"@id":"https:\/\/www.amanprana.eu\/fr\/#organization"},"potentialAction":[{"@type":"SearchAction","target":{"@type":"EntryPoint","urlTemplate":"https:\/\/www.amanprana.eu\/fr\/?s={search_term_string}"},"query-input":{"@type":"PropertyValueSpecification","valueRequired":true,"valueName":"search_term_string"}}],"inLanguage":"fr-FR"},{"@type":"Organization","@id":"https:\/\/www.amanprana.eu\/fr\/#organization","name":"Amanprana","url":"https:\/\/www.amanprana.eu\/fr\/","logo":{"@type":"ImageObject","inLanguage":"fr-FR","@id":"https:\/\/www.amanprana.eu\/fr\/#\/schema\/logo\/image\/","url":"https:\/\/www.amanprana.eu\/wp-content\/uploads\/webres-amanprana-logo.jpg","contentUrl":"https:\/\/www.amanprana.eu\/wp-content\/uploads\/webres-amanprana-logo.jpg","width":300,"height":300,"caption":"Amanprana"},"image":{"@id":"https:\/\/www.amanprana.eu\/fr\/#\/schema\/logo\/image\/"},"sameAs":["https:\/\/www.facebook.com\/Amanpranaproducts\/","https:\/\/www.instagram.com\/amanprana\/","https:\/\/nl.pinterest.com\/amanprana\/pins\/"]}]}},"multi-rating":{"mr_rating_results":[]},"_links":{"self":[{"href":"https:\/\/www.amanprana.eu\/fr\/wp-json\/wp\/v2\/red_de_zee\/42872","targetHints":{"allow":["GET"]}}],"collection":[{"href":"https:\/\/www.amanprana.eu\/fr\/wp-json\/wp\/v2\/red_de_zee"}],"about":[{"href":"https:\/\/www.amanprana.eu\/fr\/wp-json\/wp\/v2\/types\/red_de_zee"}],"version-history":[{"count":0,"href":"https:\/\/www.amanprana.eu\/fr\/wp-json\/wp\/v2\/red_de_zee\/42872\/revisions"}],"wp:featuredmedia":[{"embeddable":true,"href":"https:\/\/www.amanprana.eu\/fr\/wp-json\/wp\/v2\/media\/42864"}],"wp:attachment":[{"href":"https:\/\/www.amanprana.eu\/fr\/wp-json\/wp\/v2\/media?parent=42872"}],"curies":[{"name":"wp","href":"https:\/\/api.w.org\/{rel}","templated":true}]}}

<p>Les générations à venir hériteront de notre « empreinte indélébile » : une montagne de déchets produite par la consommation de masse de matériaux non naturels, comme le plastique sous toutes ses formes. Nous devons impérativement cesser d&rsquo;utiliser à tout bout de champ du plastique jetable. 80 % de toutes les matières plastiques présentes dans les océans y auraient été déposées par les vents ou transportées par les pluies et les fleuves. 90 % des déchets qui polluent les océans sont faits de plastique. En 2006, l&rsquo;ENEP a estimé que chaque kilomètre carré d&rsquo;océan comptait 18 000 particules de plastique flottant en surface. Hélas, il y en a sans doute encore bien davantage aujourd&rsquo;hui.</p>
<div class="fullwidth">
<div class="x-resp-embed x-is-video x-is-youtube"><iframe width="862" height="485" src="https://www.youtube.com/embed/iVjue0R5tHQ?feature=oembed" frameborder="0" allow="accelerometer; autoplay; encrypted-media; gyroscope; picture-in-picture" allowfullscreen></iframe></div>
</div>

<!-- This site is optimized with the Yoast SEO plugin v24.7 - https://yoast.com/wordpress/plugins/seo/ -->
<title>Message des vagues, par Morgan Hoestery - Amanprana</title>
<meta name="description" content="Les générations à venir hériteront de notre &quot;empreinte indélébile&quot; : une montagne de déchets produite par la consommation de masse de matériaux non" />
<meta name="robots" content="index, follow, max-snippet:-1, max-image-preview:large, max-video-preview:-1" />
<link rel="canonical" href="https://www.amanprana.eu/fr/sauvez-la-mer/message-des-vagues-par-morgan-hoestery/" />
<meta property="og:locale" content="fr_FR" />
<meta property="og:type" content="article" />
<meta property="og:title" content="Message des vagues, par Morgan Hoestery - Amanprana" />
<meta property="og:description" content="Les générations à venir hériteront de notre &quot;empreinte indélébile&quot; : une montagne de déchets produite par la consommation de masse de matériaux non" />
<meta property="og:url" content="https://www.amanprana.eu/fr/sauvez-la-mer/message-des-vagues-par-morgan-hoestery/" />
<meta property="og:site_name" content="Amanprana" />
<meta property="article:publisher" content="https://www.facebook.com/Amanpranaproducts/" />
<meta property="og:image" content="https://www.amanprana.eu/wp-content/uploads/Botschaft_der_Meereswellen_von_Morgan_Hoestery.jpg" />
	<meta property="og:image:width" content="600" />
	<meta property="og:image:height" content="336" />
	<meta property="og:image:type" content="image/jpeg" />
<meta name="twitter:card" content="summary_large_image" />
<meta name="twitter:label1" content="Durée de lecture estimée" />
	<meta name="twitter:data1" content="1 minute" />
<script type="application/ld+json" class="yoast-schema-graph">{"@context":"https://schema.org","@graph":[{"@type":"WebPage","@id":"https://www.amanprana.eu/fr/sauvez-la-mer/message-des-vagues-par-morgan-hoestery/","url":"https://www.amanprana.eu/fr/sauvez-la-mer/message-des-vagues-par-morgan-hoestery/","name":"Message des vagues, par Morgan Hoestery - Amanprana","isPartOf":{"@id":"https://www.amanprana.eu/fr/#website"},"primaryImageOfPage":{"@id":"https://www.amanprana.eu/fr/sauvez-la-mer/message-des-vagues-par-morgan-hoestery/#primaryimage"},"image":{"@id":"https://www.amanprana.eu/fr/sauvez-la-mer/message-des-vagues-par-morgan-hoestery/#primaryimage"},"thumbnailUrl":"https://www.amanprana.eu/wp-content/uploads/Botschaft_der_Meereswellen_von_Morgan_Hoestery.jpg","datePublished":"2019-01-03T13:37:06+00:00","description":"Les générations à venir hériteront de notre \"empreinte indélébile\" : une montagne de déchets produite par la consommation de masse de matériaux non","breadcrumb":{"@id":"https://www.amanprana.eu/fr/sauvez-la-mer/message-des-vagues-par-morgan-hoestery/#breadcrumb"},"inLanguage":"fr-FR","potentialAction":[{"@type":"ReadAction","target":["https://www.amanprana.eu/fr/sauvez-la-mer/message-des-vagues-par-morgan-hoestery/"]}]},{"@type":"ImageObject","inLanguage":"fr-FR","@id":"https://www.amanprana.eu/fr/sauvez-la-mer/message-des-vagues-par-morgan-hoestery/#primaryimage","url":"https://www.amanprana.eu/wp-content/uploads/Botschaft_der_Meereswellen_von_Morgan_Hoestery.jpg","contentUrl":"https://www.amanprana.eu/wp-content/uploads/Botschaft_der_Meereswellen_von_Morgan_Hoestery.jpg","width":600,"height":336},{"@type":"BreadcrumbList","@id":"https://www.amanprana.eu/fr/sauvez-la-mer/message-des-vagues-par-morgan-hoestery/#breadcrumb","itemListElement":[{"@type":"ListItem","position":1,"name":"Amanprana.eu","item":"https://www.amanprana.eu/fr/"},{"@type":"ListItem","position":2,"name":"SLM - articles","item":"https://www.amanprana.eu/fr/sauvez-la-mer/"},{"@type":"ListItem","position":3,"name":"Pollution des océans","item":"https://www.amanprana.eu/fr/red_de_zee_categorieen/pollution-des-oceans/"},{"@type":"ListItem","position":4,"name":"Message des vagues, par Morgan Hoestery"}]},{"@type":"WebSite","@id":"https://www.amanprana.eu/fr/#website","url":"https://www.amanprana.eu/fr/","name":"Amanprana","description":"Serene levenskracht","publisher":{"@id":"https://www.amanprana.eu/fr/#organization"},"potentialAction":[{"@type":"SearchAction","target":{"@type":"EntryPoint","urlTemplate":"https://www.amanprana.eu/fr/?s={search_term_string}"},"query-input":{"@type":"PropertyValueSpecification","valueRequired":true,"valueName":"search_term_string"}}],"inLanguage":"fr-FR"},{"@type":"Organization","@id":"https://www.amanprana.eu/fr/#organization","name":"Amanprana","url":"https://www.amanprana.eu/fr/","logo":{"@type":"ImageObject","inLanguage":"fr-FR","@id":"https://www.amanprana.eu/fr/#/schema/logo/image/","url":"https://www.amanprana.eu/wp-content/uploads/webres-amanprana-logo.jpg","contentUrl":"https://www.amanprana.eu/wp-content/uploads/webres-amanprana-logo.jpg","width":300,"height":300,"caption":"Amanprana"},"image":{"@id":"https://www.amanprana.eu/fr/#/schema/logo/image/"},"sameAs":["https://www.facebook.com/Amanpranaproducts/","https://www.instagram.com/amanprana/","https://nl.pinterest.com/amanprana/pins/"]}]}</script>
<!-- / Yoast SEO plugin. -->

Les générations à venir hériteront de notre "empreinte indélébile" : une montagne de déchets produite par la consommation de masse de matériaux non

Pollution des océans
